CRAN Package Check Results for Package CNAIM

Last updated on 2022-05-16 03:53:28 CEST.

Flavor Version Tinstall Tcheck Ttotal Status Flags
r-devel-linux-x86_64-debian-clang 1.0.1 14.56 129.90 144.46 OK
r-devel-linux-x86_64-debian-gcc 1.0.1 10.63 96.40 107.03 OK
r-devel-linux-x86_64-fedora-clang 1.0.1 169.12 NOTE
r-devel-linux-x86_64-fedora-gcc 1.0.1 167.22 NOTE
r-devel-windows-x86_64 1.0.1 84.00 157.00 241.00 OK
r-patched-linux-x86_64 1.0.1 10.66 122.46 133.12 OK
r-release-linux-x86_64 1.0.1 9.11 122.62 131.73 OK
r-release-macos-arm64 1.0.1 41.00 NOTE
r-release-macos-x86_64 1.0.1 94.00 NOTE
r-release-windows-x86_64 1.0.1 76.00 155.00 231.00 OK
r-oldrel-macos-arm64 1.0.1 53.00 NOTE
r-oldrel-macos-x86_64 1.0.1 86.00 NOTE
r-oldrel-windows-ix86+x86_64 1.0.1 28.00 148.00 176.00 OK

Check Details

Version: 1.0.1
Check: dependencies in R code
Result: NOTE
    Namespaces in Imports field not imported from:
     ‘htmltools’ ‘htmlwidgets’ ‘readxl’ ‘testthat’ ‘widgetframe’
     All declared Imports should be used.
Flavors: r-devel-linux-x86_64-fedora-clang, r-devel-linux-x86_64-fedora-gcc, r-release-macos-arm64, r-release-macos-x86_64, r-oldrel-macos-arm64, r-oldrel-macos-x86_64