Last updated on 2022-05-17 15:53:14 CEST.
Flavor | Version | Tinstall | Tcheck | Ttotal | Status | Flags |
---|---|---|---|---|---|---|
r-devel-linux-x86_64-debian-clang | 0.1.3 | 43.89 | 213.02 | 256.91 | OK | |
r-devel-linux-x86_64-debian-gcc | 0.1.3 | 32.22 | 150.48 | 182.70 | OK | |
r-devel-linux-x86_64-fedora-clang | 0.1.3 | 300.58 | NOTE | |||
r-devel-linux-x86_64-fedora-gcc | 0.1.3 | 289.27 | OK | |||
r-devel-windows-x86_64 | 0.1.3 | 76.00 | 259.00 | 335.00 | NOTE | |
r-patched-linux-x86_64 | 0.1.3 | 27.27 | 192.49 | 219.76 | OK | |
r-release-linux-x86_64 | 0.1.3 | 25.52 | 194.34 | 219.86 | OK | |
r-release-macos-arm64 | 0.1.3 | 89.00 | NOTE | |||
r-release-macos-x86_64 | 0.1.3 | 141.00 | NOTE | |||
r-release-windows-x86_64 | 0.1.3 | 72.00 | 246.00 | 318.00 | NOTE | |
r-oldrel-macos-arm64 | 0.1.3 | 119.00 | NOTE | |||
r-oldrel-macos-x86_64 | 0.1.3 | 106.00 | NOTE | |||
r-oldrel-windows-ix86+x86_64 | 0.1.3 | 104.00 | 292.00 | 396.00 | NOTE |
Version: 0.1.3
Check: installed package size
Result: NOTE
installed size is 6.8Mb
sub-directories of 1Mb or more:
data 1.2Mb
doc 3.6Mb
help 1.0Mb
Flavors: r-devel-linux-x86_64-fedora-clang, r-devel-windows-x86_64, r-release-macos-arm64, r-release-macos-x86_64, r-release-windows-x86_64, r-oldrel-macos-arm64, r-oldrel-macos-x86_64, r-oldrel-windows-ix86+x86_64