Last updated on 2022-06-30 03:53:18 CEST.
Flavor | Version | Tinstall | Tcheck | Ttotal | Status | Flags |
---|---|---|---|---|---|---|
r-devel-linux-x86_64-debian-clang | 1.0.1 | 154.48 | 79.45 | 233.93 | OK | |
r-devel-linux-x86_64-debian-gcc | 1.0.1 | 117.14 | 60.74 | 177.88 | OK | |
r-devel-linux-x86_64-fedora-clang | 1.0.1 | 339.70 | NOTE | |||
r-devel-linux-x86_64-fedora-gcc | 1.0.1 | 300.76 | NOTE | |||
r-devel-windows-x86_64 | 1.0.1 | 111.00 | 121.00 | 232.00 | OK | |
r-patched-linux-x86_64 | 1.0.1 | 87.62 | 76.54 | 164.16 | OK | |
r-release-linux-x86_64 | 1.0.1 | 99.18 | 76.91 | 176.09 | OK | |
r-release-macos-arm64 | 1.0.1 | 74.00 | NOTE | |||
r-release-macos-x86_64 | 1.0.1 | 117.00 | NOTE | |||
r-release-windows-x86_64 | 1.0.1 | 115.00 | 122.00 | 237.00 | OK | |
r-oldrel-macos-arm64 | 1.0.1 | 84.00 | NOTE | |||
r-oldrel-macos-x86_64 | 1.0.1 | 91.00 | NOTE | |||
r-oldrel-windows-ix86+x86_64 | 1.0.1 | 319.00 | 141.00 | 460.00 | OK |
Version: 1.0.1
Check: installed package size
Result: NOTE
installed size is 7.7Mb
sub-directories of 1Mb or more:
libs 7.4Mb
Flavors: r-devel-linux-x86_64-fedora-clang, r-release-macos-arm64, r-release-macos-x86_64, r-oldrel-macos-arm64, r-oldrel-macos-x86_64
Version: 1.0.1
Check: dependencies in R code
Result: NOTE
Namespace in Imports field not imported from: ‘formula.tools’
All declared Imports should be used.
Flavors: r-devel-linux-x86_64-fedora-clang, r-devel-linux-x86_64-fedora-gcc, r-release-macos-arm64, r-release-macos-x86_64, r-oldrel-macos-arm64, r-oldrel-macos-x86_64