CRAN Package Check Results for Package CAISEr

Last updated on 2022-05-21 15:49:50 CEST.

Flavor Version Tinstall Tcheck Ttotal Status Flags
r-devel-linux-x86_64-debian-clang 1.0.16 4.13 139.62 143.75 NOTE
r-devel-linux-x86_64-debian-gcc 1.0.16 3.14 107.48 110.62 NOTE
r-devel-linux-x86_64-fedora-clang 1.0.16 163.54 NOTE
r-devel-linux-x86_64-fedora-gcc 1.0.16 161.21 NOTE
r-devel-windows-x86_64 1.0.16 18.00 192.00 210.00 NOTE
r-patched-linux-x86_64 1.0.16 4.85 128.17 133.02 NOTE
r-release-linux-x86_64 1.0.16 4.20 130.16 134.36 NOTE
r-release-macos-arm64 1.0.16 95.00 NOTE
r-release-macos-x86_64 1.0.16 126.00 NOTE
r-release-windows-x86_64 1.0.16 18.00 194.00 212.00 NOTE
r-oldrel-macos-arm64 1.0.16 116.00 NOTE
r-oldrel-macos-x86_64 1.0.16 123.00 NOTE
r-oldrel-windows-ix86+x86_64 1.0.16 10.00 102.00 112.00 NOTE

Check Details

Version: 1.0.16
Check: LazyData
Result: NOTE
     'LazyData' is specified without a 'data' directory
Flavors: r-devel-linux-x86_64-debian-clang, r-devel-linux-x86_64-debian-gcc, r-devel-linux-x86_64-fedora-clang, r-devel-linux-x86_64-fedora-gcc, r-devel-windows-x86_64, r-patched-linux-x86_64, r-release-linux-x86_64, r-release-macos-arm64, r-release-macos-x86_64, r-release-windows-x86_64, r-oldrel-macos-arm64, r-oldrel-macos-x86_64, r-oldrel-windows-ix86+x86_64