CRAN Package Check Results for Package BreakPoints

Last updated on 2022-05-20 15:52:03 CEST.

Flavor Version Tinstall Tcheck Ttotal Status Flags
r-devel-linux-x86_64-debian-clang 1.2 3.52 37.80 41.32 NOTE
r-devel-linux-x86_64-debian-gcc 1.2 2.47 29.13 31.60 NOTE
r-devel-linux-x86_64-fedora-clang 1.2 50.50 NOTE
r-devel-linux-x86_64-fedora-gcc 1.2 49.52 NOTE
r-devel-windows-x86_64 1.2 13.00 52.00 65.00 NOTE
r-patched-linux-x86_64 1.2 3.37 37.16 40.53 NOTE
r-release-linux-x86_64 1.2 3.33 36.86 40.19 NOTE
r-release-macos-arm64 1.2 17.00 NOTE
r-release-macos-x86_64 1.2 25.00 NOTE
r-release-windows-x86_64 1.2 18.00 53.00 71.00 NOTE
r-oldrel-macos-arm64 1.2 28.00 NOTE
r-oldrel-macos-x86_64 1.2 29.00 NOTE
r-oldrel-windows-ix86+x86_64 1.2 7.00 49.00 56.00 NOTE

Check Details

Version: 1.2
Check: LazyData
Result: NOTE
     'LazyData' is specified without a 'data' directory
Flavors: r-devel-linux-x86_64-debian-clang, r-devel-linux-x86_64-debian-gcc, r-devel-linux-x86_64-fedora-clang, r-devel-linux-x86_64-fedora-gcc, r-devel-windows-x86_64, r-patched-linux-x86_64, r-release-linux-x86_64, r-release-macos-arm64, r-release-macos-x86_64, r-release-windows-x86_64, r-oldrel-macos-arm64, r-oldrel-macos-x86_64, r-oldrel-windows-ix86+x86_64