CRAN Package Check Results for Package BoomSpikeSlab

Last updated on 2022-05-28 03:54:40 CEST.

Flavor Version Tinstall Tcheck Ttotal Status Flags
r-devel-linux-x86_64-debian-clang 1.2.5 47.13 130.20 177.33 OK
r-devel-linux-x86_64-debian-gcc 1.2.5 40.94 91.09 132.03 OK
r-devel-linux-x86_64-fedora-clang 1.2.5 217.11 NOTE
r-devel-linux-x86_64-fedora-gcc 1.2.5 210.94 OK
r-devel-windows-x86_64 1.2.5 38.00 253.00 291.00 OK
r-patched-linux-x86_64 1.2.4 53.85 123.81 177.66 OK
r-release-linux-x86_64 1.2.4 50.84 123.64 174.48 OK
r-release-macos-arm64 1.2.5 88.00 NOTE
r-release-macos-x86_64 1.2.4 98.00 NOTE
r-release-windows-x86_64 1.2.4 108.00 236.00 344.00 OK
r-oldrel-macos-arm64 1.2.5 99.00 NOTE
r-oldrel-macos-x86_64 1.2.4 139.00 NOTE
r-oldrel-windows-ix86+x86_64 1.2.4 116.00 320.00 436.00 NOTE

Additional issues

rchk

Check Details

Version: 1.2.5
Check: installed package size
Result: NOTE
     installed size is 67.8Mb
     sub-directories of 1Mb or more:
     libs 67.2Mb
Flavors: r-devel-linux-x86_64-fedora-clang, r-release-macos-arm64, r-oldrel-macos-arm64

Version: 1.2.4
Check: installed package size
Result: NOTE
     installed size is 77.2Mb
     sub-directories of 1Mb or more:
     libs 76.6Mb
Flavors: r-release-macos-x86_64, r-oldrel-macos-x86_64, r-oldrel-windows-ix86+x86_64