CRAN Package Check Results for Package BioCircos

Last updated on 2022-06-26 15:52:54 CEST.

Flavor Version Tinstall Tcheck Ttotal Status Flags
r-devel-linux-x86_64-debian-clang 0.3.4 3.79 44.10 47.89 NOTE
r-devel-linux-x86_64-debian-gcc 0.3.4 2.94 33.81 36.75 NOTE
r-devel-linux-x86_64-fedora-clang 0.3.4 69.33 NOTE
r-devel-linux-x86_64-fedora-gcc 0.3.4 65.92 NOTE
r-devel-windows-x86_64 0.3.4 30.00 73.00 103.00 NOTE
r-patched-linux-x86_64 0.3.4 2.68 41.76 44.44 NOTE
r-release-linux-x86_64 0.3.4 3.80 42.75 46.55 NOTE
r-release-macos-arm64 0.3.4 22.00 NOTE
r-release-macos-x86_64 0.3.4 31.00 NOTE
r-release-windows-x86_64 0.3.4 25.00 76.00 101.00 NOTE
r-oldrel-macos-arm64 0.3.4 28.00 NOTE
r-oldrel-macos-x86_64 0.3.4 35.00 NOTE
r-oldrel-windows-ix86+x86_64 0.3.4 9.00 68.00 77.00 NOTE

Check Details

Version: 0.3.4
Check: LazyData
Result: NOTE
     'LazyData' is specified without a 'data' directory
Flavors: r-devel-linux-x86_64-debian-clang, r-devel-linux-x86_64-debian-gcc, r-devel-linux-x86_64-fedora-clang, r-devel-linux-x86_64-fedora-gcc, r-devel-windows-x86_64, r-patched-linux-x86_64, r-release-linux-x86_64, r-release-macos-arm64, r-release-macos-x86_64, r-release-windows-x86_64, r-oldrel-macos-arm64, r-oldrel-macos-x86_64, r-oldrel-windows-ix86+x86_64