Last updated on 2022-06-28 03:51:26 CEST.
Flavor | Version | Tinstall | Tcheck | Ttotal | Status | Flags |
---|---|---|---|---|---|---|
r-devel-linux-x86_64-debian-clang | 1.1-1 | 2.90 | 71.71 | 74.61 | NOTE | |
r-devel-linux-x86_64-debian-gcc | 1.1-1 | 2.02 | 52.08 | 54.10 | NOTE | |
r-devel-linux-x86_64-fedora-clang | 1.1-1 | 97.71 | NOTE | |||
r-devel-linux-x86_64-fedora-gcc | 1.1-1 | 96.49 | NOTE | |||
r-devel-windows-x86_64 | 1.1-1 | 11.00 | 96.00 | 107.00 | NOTE | |
r-patched-linux-x86_64 | 1.1-1 | 2.44 | 68.16 | 70.60 | NOTE | |
r-release-linux-x86_64 | 1.1-1 | 2.61 | 68.56 | 71.17 | NOTE | |
r-release-macos-arm64 | 1.1-1 | 29.00 | NOTE | |||
r-release-macos-x86_64 | 1.1-1 | 57.00 | NOTE | |||
r-release-windows-x86_64 | 1.1-1 | 14.00 | 94.00 | 108.00 | NOTE | |
r-oldrel-macos-arm64 | 1.1-1 | 36.00 | NOTE | |||
r-oldrel-macos-x86_64 | 1.1-1 | 56.00 | NOTE | |||
r-oldrel-windows-ix86+x86_64 | 1.1-1 | 7.00 | 99.00 | 106.00 | NOTE |
Version: 1.1-1
Check: LazyData
Result: NOTE
'LazyData' is specified without a 'data' directory
Flavors: r-devel-linux-x86_64-debian-clang, r-devel-linux-x86_64-debian-gcc, r-devel-linux-x86_64-fedora-clang, r-devel-linux-x86_64-fedora-gcc, r-devel-windows-x86_64, r-patched-linux-x86_64, r-release-linux-x86_64, r-release-macos-arm64, r-release-macos-x86_64, r-release-windows-x86_64, r-oldrel-macos-arm64, r-oldrel-macos-x86_64, r-oldrel-windows-ix86+x86_64