CRAN Package Check Results for Package Benchmarking

Last updated on 2024-02-26 15:52:54 CET.

Flavor Version Tinstall Tcheck Ttotal Status Flags
r-devel-linux-x86_64-debian-clang 0.31 36.92 71.26 108.18 NOTE
r-devel-linux-x86_64-debian-gcc 0.31 32.20 53.10 85.30 NOTE
r-devel-linux-x86_64-fedora-clang 0.31 157.11 NOTE
r-devel-linux-x86_64-fedora-gcc 0.31 151.04 NOTE
r-devel-windows-x86_64 0.31 32.00 98.00 130.00 OK
r-patched-linux-x86_64 0.31 39.98 69.83 109.81 OK
r-release-linux-x86_64 0.31 44.30 69.93 114.23 OK
r-release-macos-arm64 0.31 41.00 OK
r-release-macos-x86_64 0.31 63.00 OK
r-release-windows-x86_64 0.31 35.00 109.00 144.00 OK
r-oldrel-macos-arm64 0.31 43.00 OK
r-oldrel-windows-x86_64 0.31 41.00 115.00 156.00 OK

Check Details

Version: 0.31
Check: Rd files
Result: NOTE checkRd: (-1) excess.Rd:20: Lost braces 20 | \link{dea}, \link{dea.direct}, link{sdea}, and \link{mea}. } | ^ Flavors: r-devel-linux-x86_64-debian-clang, r-devel-linux-x86_64-debian-gcc, r-devel-linux-x86_64-fedora-clang, r-devel-linux-x86_64-fedora-gcc