CRAN Package Check Results for Package BayesianReasoning

Last updated on 2022-05-26 15:53:05 CEST.

Flavor Version Tinstall Tcheck Ttotal Status Flags
r-devel-linux-x86_64-debian-clang 0.4.1 7.74 130.45 138.19 OK
r-devel-linux-x86_64-debian-gcc 0.4.1 6.59 106.39 112.98 OK
r-devel-linux-x86_64-fedora-clang 0.4.1 159.76 NOTE
r-devel-linux-x86_64-fedora-gcc 0.4.1 157.81 NOTE
r-devel-windows-x86_64 0.4.1 46.00 184.00 230.00 OK
r-patched-linux-x86_64 0.4.1 5.11 120.64 125.75 OK
r-release-linux-x86_64 0.4.1 OK
r-release-macos-arm64 0.4.1 49.00 NOTE
r-release-macos-x86_64 0.4.1 104.00 NOTE
r-release-windows-x86_64 0.4.1 69.00 156.00 225.00 OK
r-oldrel-macos-arm64 0.4.1 47.00 NOTE
r-oldrel-macos-x86_64 0.4.1 72.00 NOTE
r-oldrel-windows-ix86+x86_64 0.4.1 19.00 151.00 170.00 OK

Check Details

Version: 0.4.1
Check: dependencies in R code
Result: NOTE
    Namespace in Imports field not imported from: ‘utils’
     All declared Imports should be used.
Flavors: r-devel-linux-x86_64-fedora-clang, r-devel-linux-x86_64-fedora-gcc, r-release-macos-arm64, r-release-macos-x86_64, r-oldrel-macos-arm64, r-oldrel-macos-x86_64