CRAN Package Check Results for Package BayesTree

Last updated on 2022-01-29 03:59:14 CET.

Flavor Version Tinstall Tcheck Ttotal Status Flags
r-devel-linux-x86_64-debian-clang 0.3-1.4 19.63 35.85 55.48 OK
r-devel-linux-x86_64-debian-gcc 0.3-1.4 11.80 29.53 41.33 OK
r-devel-linux-x86_64-fedora-clang 0.3-1.4 82.03 NOTE
r-devel-linux-x86_64-fedora-gcc 0.3-1.4 54.73 NOTE
r-devel-windows-x86_64-new-UL 0.3-1.4 72.00 75.00 147.00 OK
r-devel-windows-x86_64-new-TK 0.3-1.4 OK
r-patched-linux-x86_64 0.3-1.4 15.94 35.14 51.08 OK
r-release-linux-x86_64 0.3-1.4 15.72 36.01 51.73 OK
r-release-macos-arm64 0.3-1.4 OK
r-release-macos-x86_64 0.3-1.4 OK
r-release-windows-ix86+x86_64 0.3-1.4 40.00 71.00 111.00 OK
r-oldrel-macos-x86_64 0.3-1.4 OK
r-oldrel-windows-ix86+x86_64 0.3-1.4 42.00 67.00 109.00 OK

Check Details

Version: 0.3-1.4
Check: compiled code
Result: NOTE
    File ‘BayesTree/libs/BayesTree.so’:
     Found no calls to: ‘R_registerRoutines’, ‘R_useDynamicSymbols’
    
    It is good practice to register native routines and to disable symbol
    search.
    
    See ‘Writing portable packages’ in the ‘Writing R Extensions’ manual.
Flavors: r-devel-linux-x86_64-fedora-clang, r-devel-linux-x86_64-fedora-gcc