Last updated on 2022-05-17 04:50:27 CEST.
Flavor | Version | Tinstall | Tcheck | Ttotal | Status | Flags |
---|---|---|---|---|---|---|
r-devel-linux-x86_64-debian-clang | 1.1.0 | 7.61 | 81.33 | 88.94 | OK | |
r-devel-linux-x86_64-debian-gcc | 1.1.0 | 6.31 | 62.38 | 68.69 | OK | |
r-devel-linux-x86_64-fedora-clang | 1.1.0 | 112.38 | NOTE | |||
r-devel-linux-x86_64-fedora-gcc | 1.1.0 | 106.49 | NOTE | |||
r-devel-windows-x86_64 | 1.1.0 | 59.00 | 111.00 | 170.00 | OK | |
r-patched-linux-x86_64 | 1.1.0 | 7.15 | 78.41 | 85.56 | OK | |
r-release-linux-x86_64 | 1.1.0 | 7.07 | 83.07 | 90.14 | OK | |
r-release-macos-arm64 | 1.1.0 | 38.00 | NOTE | |||
r-release-macos-x86_64 | 1.1.0 | 61.00 | NOTE | |||
r-release-windows-x86_64 | 1.1.0 | 49.00 | 112.00 | 161.00 | OK | |
r-oldrel-macos-arm64 | 1.1.0 | 44.00 | NOTE | |||
r-oldrel-macos-x86_64 | 1.1.0 | 92.00 | NOTE | |||
r-oldrel-windows-ix86+x86_64 | 1.1.0 | 17.00 | 99.00 | 116.00 | OK |
Version: 1.1.0
Check: dependencies in R code
Result: NOTE
Namespaces in Imports field not imported from:
‘MASS’ ‘Matrix’ ‘matrixcalc’ ‘stats’
All declared Imports should be used.
Flavors: r-devel-linux-x86_64-fedora-clang, r-devel-linux-x86_64-fedora-gcc, r-release-macos-arm64, r-release-macos-x86_64, r-oldrel-macos-arm64, r-oldrel-macos-x86_64