Last updated on 2022-06-25 03:50:52 CEST.
Flavor | Version | Tinstall | Tcheck | Ttotal | Status | Flags |
---|---|---|---|---|---|---|
r-devel-linux-x86_64-debian-clang | 2.0-1 | 214.25 | 102.00 | 316.25 | NOTE | |
r-devel-linux-x86_64-debian-gcc | 2.0-1 | 178.61 | 76.54 | 255.15 | NOTE | |
r-devel-linux-x86_64-fedora-clang | 2.0-1 | 466.64 | NOTE | |||
r-devel-linux-x86_64-fedora-gcc | 2.0-1 | 419.21 | NOTE | |||
r-devel-windows-x86_64 | 2.0-1 | 149.00 | 161.00 | 310.00 | NOTE | |
r-patched-linux-x86_64 | 2.0-1 | 172.91 | 100.13 | 273.04 | OK | |
r-release-linux-x86_64 | 2.0-1 | 178.27 | 99.54 | 277.81 | OK | |
r-release-macos-arm64 | 2.0-1 | 107.00 | NOTE | |||
r-release-macos-x86_64 | 2.0-1 | 133.00 | NOTE | |||
r-release-windows-x86_64 | 2.0-1 | 151.00 | 166.00 | 317.00 | OK | |
r-oldrel-macos-arm64 | 2.0-1 | 566.00 | NOTE | |||
r-oldrel-macos-x86_64 | 2.0-1 | 133.00 | NOTE | |||
r-oldrel-windows-ix86+x86_64 | 2.0-1 | 471.00 | 196.00 | 667.00 | NOTE |
Version: 2.0-1
Check: Rd files
Result: NOTE
checkRd: (-1) plotCPO.Rd:79: Escaped LaTeX specials: \&
checkRd: (-1) plotCPO.Rd:81: Escaped LaTeX specials: \&
Flavors: r-devel-linux-x86_64-debian-clang, r-devel-linux-x86_64-debian-gcc, r-devel-linux-x86_64-fedora-clang, r-devel-linux-x86_64-fedora-gcc, r-devel-windows-x86_64
Version: 2.0-1
Check: installed package size
Result: NOTE
installed size is 12.8Mb
sub-directories of 1Mb or more:
data 1.5Mb
libs 10.5Mb
Flavors: r-devel-linux-x86_64-fedora-clang, r-release-macos-arm64, r-release-macos-x86_64, r-oldrel-macos-arm64, r-oldrel-macos-x86_64, r-oldrel-windows-ix86+x86_64