Last updated on 2022-06-29 15:49:48 CEST.
Flavor | Version | Tinstall | Tcheck | Ttotal | Status | Flags |
---|---|---|---|---|---|---|
r-devel-linux-x86_64-debian-clang | 1.4 | 45.40 | 30.14 | 75.54 | WARN | |
r-devel-linux-x86_64-debian-gcc | 1.4 | 34.30 | 23.69 | 57.99 | OK | |
r-devel-linux-x86_64-fedora-clang | 1.4 | 128.83 | WARN | |||
r-devel-linux-x86_64-fedora-gcc | 1.4 | 102.03 | OK | |||
r-devel-windows-x86_64 | 1.4 | 75.00 | 80.00 | 155.00 | OK | |
r-patched-linux-x86_64 | 1.4 | 38.61 | 30.00 | 68.61 | OK | |
r-release-linux-x86_64 | 1.4 | 34.23 | 30.32 | 64.55 | OK | |
r-release-macos-arm64 | 1.4 | 30.00 | OK | |||
r-release-macos-x86_64 | 1.4 | 41.00 | OK | |||
r-release-windows-x86_64 | 1.4 | 59.00 | 81.00 | 140.00 | OK | |
r-oldrel-macos-arm64 | 1.4 | 67.00 | OK | |||
r-oldrel-macos-x86_64 | 1.4 | 62.00 | OK | |||
r-oldrel-windows-ix86+x86_64 | 1.4 | 99.00 | 88.00 | 187.00 | OK |
Version: 1.4
Check: whether package can be installed
Result: WARN
Found the following significant warnings:
BayesReversePLLH.cpp:439:10: warning: use of bitwise '&' with boolean operands [-Wbitwise-instead-of-logical]
BayesReversePLLH.cpp:1129:10: warning: use of bitwise '&' with boolean operands [-Wbitwise-instead-of-logical]
BayesReversePLLH.cpp:1172:10: warning: use of bitwise '&' with boolean operands [-Wbitwise-instead-of-logical]
BayesReversePLLH.cpp:3029:10: warning: use of bitwise '&' with boolean operands [-Wbitwise-instead-of-logical]
Flavors: r-devel-linux-x86_64-debian-clang, r-devel-linux-x86_64-fedora-clang