Last updated on 2022-05-21 15:49:49 CEST.
Flavor | Version | Tinstall | Tcheck | Ttotal | Status | Flags |
---|---|---|---|---|---|---|
r-devel-linux-x86_64-debian-clang | 2.2 | 138.38 | 186.70 | 325.08 | OK | |
r-devel-linux-x86_64-debian-gcc | 2.2 | 116.38 | 135.30 | 251.68 | OK | |
r-devel-linux-x86_64-fedora-clang | 2.2 | 445.92 | NOTE | |||
r-devel-linux-x86_64-fedora-gcc | 2.2 | 433.47 | OK | |||
r-devel-windows-x86_64 | 2.2 | 118.00 | 235.00 | 353.00 | OK | |
r-patched-linux-x86_64 | 2.2 | 128.07 | 172.64 | 300.71 | OK | |
r-release-linux-x86_64 | 2.2 | 124.85 | 170.95 | 295.80 | OK | |
r-release-macos-arm64 | 2.2 | 132.00 | NOTE | |||
r-release-macos-x86_64 | 2.2 | 164.00 | NOTE | |||
r-release-windows-x86_64 | 2.2 | 112.00 | 239.00 | 351.00 | OK | |
r-oldrel-macos-arm64 | 2.2 | 129.00 | NOTE | |||
r-oldrel-macos-x86_64 | 2.2 | 148.00 | NOTE | |||
r-oldrel-windows-ix86+x86_64 | 2.2 | 327.00 | 322.00 | 649.00 | OK |
Version: 2.2
Check: installed package size
Result: NOTE
installed size is 7.0Mb
sub-directories of 1Mb or more:
libs 6.4Mb
Flavors: r-devel-linux-x86_64-fedora-clang, r-release-macos-arm64, r-release-macos-x86_64, r-oldrel-macos-arm64, r-oldrel-macos-x86_64