CRAN Package Check Results for Package BayesESS

Last updated on 2022-05-25 04:55:19 CEST.

Flavor Version Tinstall Tcheck Ttotal Status Flags
r-devel-linux-x86_64-debian-clang 0.1.19 55.35 94.85 150.20 NOTE
r-devel-linux-x86_64-debian-gcc 0.1.19 42.11 75.16 117.27 NOTE
r-devel-linux-x86_64-fedora-clang 0.1.19 205.44 NOTE
r-devel-linux-x86_64-fedora-gcc 0.1.19 191.07 NOTE
r-devel-windows-x86_64 0.1.19 53.00 127.00 180.00 NOTE
r-patched-linux-x86_64 0.1.19 44.54 95.37 139.91 NOTE
r-release-linux-x86_64 0.1.19 NOTE
r-release-macos-arm64 0.1.19 69.00 NOTE
r-release-macos-x86_64 0.1.19 68.00 NOTE
r-release-windows-x86_64 0.1.19 51.00 123.00 174.00 NOTE
r-oldrel-macos-arm64 0.1.19 60.00 NOTE
r-oldrel-macos-x86_64 0.1.19 74.00 NOTE
r-oldrel-windows-ix86+x86_64 0.1.19 143.00 143.00 286.00 NOTE

Check Details

Version: 0.1.19
Check: LazyData
Result: NOTE
     'LazyData' is specified without a 'data' directory
Flavors: r-devel-linux-x86_64-debian-clang, r-devel-linux-x86_64-debian-gcc, r-devel-linux-x86_64-fedora-clang, r-devel-linux-x86_64-fedora-gcc, r-devel-windows-x86_64, r-patched-linux-x86_64, r-release-linux-x86_64, r-release-macos-arm64, r-release-macos-x86_64, r-release-windows-x86_64, r-oldrel-macos-arm64, r-oldrel-macos-x86_64, r-oldrel-windows-ix86+x86_64

Version: 0.1.19
Check: dependencies in R code
Result: NOTE
    Namespaces in Imports field not imported from:
     ‘MASS’ ‘MatrixModels’
     All declared Imports should be used.
Flavors: r-devel-linux-x86_64-fedora-clang, r-devel-linux-x86_64-fedora-gcc, r-release-macos-arm64, r-release-macos-x86_64, r-oldrel-macos-arm64, r-oldrel-macos-x86_64