CRAN Package Check Results for Package BayesDA

Last updated on 2024-03-04 03:52:23 CET.

Flavor Version Tinstall Tcheck Ttotal Status Flags
r-devel-linux-x86_64-debian-clang 2012.04-1 1.50 26.20 27.70 NOTE
r-devel-linux-x86_64-debian-gcc 2012.04-1 1.23 20.15 21.38 NOTE
r-devel-linux-x86_64-fedora-clang 2012.04-1 34.05 NOTE
r-devel-linux-x86_64-fedora-gcc 2012.04-1 34.25 NOTE
r-devel-windows-x86_64 2012.04-1 2.00 48.00 50.00 NOTE
r-patched-linux-x86_64 2012.04-1 1.92 25.31 27.23 NOTE
r-release-linux-x86_64 2012.04-1 1.39 25.32 26.71 NOTE
r-release-macos-arm64 2012.04-1 19.00 NOTE
r-release-macos-x86_64 2012.04-1 23.00 NOTE
r-release-windows-x86_64 2012.04-1 2.00 48.00 50.00 NOTE
r-oldrel-macos-arm64 2012.04-1 19.00 OK
r-oldrel-windows-x86_64 2012.04-1 3.00 52.00 55.00 OK

Check Details

Version: 2012.04-1
Check: Rd files
Result: NOTE checkRd: (-1) dilution.Rd:13: Escaped LaTeX specials: \$ checkRd: (-1) dilution.Rd:15: Escaped LaTeX specials: \$ checkRd: (-1) dilution.Rd:16: Escaped LaTeX specials: \$ checkRd: (-1) dilution.Rd:17: Escaped LaTeX specials: \$ checkRd: (-1) personality.Rd:15: Escaped LaTeX specials: \$ checkRd: (-1) personality.Rd:16: Escaped LaTeX specials: \$ checkRd: (-1) personality.Rd:17: Escaped LaTeX specials: \$ Flavors: r-devel-linux-x86_64-debian-clang, r-devel-linux-x86_64-debian-gcc, r-devel-linux-x86_64-fedora-clang, r-devel-linux-x86_64-fedora-gcc, r-devel-windows-x86_64, r-patched-linux-x86_64, r-release-linux-x86_64, r-release-macos-arm64, r-release-macos-x86_64, r-release-windows-x86_64