CRAN Package Check Results for Package BayesARIMAX

Last updated on 2022-06-27 03:51:07 CEST.

Flavor Version Tinstall Tcheck Ttotal Status Flags
r-devel-linux-x86_64-debian-clang 0.1.1 7.98 70.93 78.91 NOTE
r-devel-linux-x86_64-debian-gcc 0.1.1 6.19 52.83 59.02 NOTE
r-devel-linux-x86_64-fedora-clang 0.1.1 105.33 NOTE
r-devel-linux-x86_64-fedora-gcc 0.1.1 100.34 NOTE
r-devel-windows-x86_64 0.1.1 11.00 88.00 99.00 NOTE
r-patched-linux-x86_64 0.1.1 7.06 67.27 74.33 NOTE
r-release-linux-x86_64 0.1.1 5.39 66.91 72.30 NOTE
r-release-macos-arm64 0.1.1 29.00 NOTE
r-release-macos-x86_64 0.1.1 42.00 NOTE
r-release-windows-x86_64 0.1.1 15.00 92.00 107.00 NOTE
r-oldrel-macos-arm64 0.1.1 38.00 NOTE
r-oldrel-macos-x86_64 0.1.1 53.00 NOTE
r-oldrel-windows-ix86+x86_64 0.1.1 20.00 86.00 106.00 NOTE

Check Details

Version: 0.1.1
Check: LazyData
Result: NOTE
     'LazyData' is specified without a 'data' directory
Flavors: r-devel-linux-x86_64-debian-clang, r-devel-linux-x86_64-debian-gcc, r-devel-linux-x86_64-fedora-clang, r-devel-linux-x86_64-fedora-gcc, r-devel-windows-x86_64, r-patched-linux-x86_64, r-release-linux-x86_64, r-release-macos-arm64, r-release-macos-x86_64, r-release-windows-x86_64, r-oldrel-macos-arm64, r-oldrel-macos-x86_64, r-oldrel-windows-ix86+x86_64