CRAN Package Check Results for Package BaseSet

Last updated on 2022-05-18 15:48:57 CEST.

Flavor Version Tinstall Tcheck Ttotal Status Flags
r-devel-linux-x86_64-debian-clang 0.0.17 10.88 338.48 349.36 OK
r-devel-linux-x86_64-debian-gcc 0.0.17 8.36 240.77 249.13 OK
r-devel-linux-x86_64-fedora-clang 0.0.17 398.45 OK
r-devel-linux-x86_64-fedora-gcc 0.0.17 436.75 OK
r-devel-windows-x86_64 0.0.17 89.00 365.00 454.00 OK
r-patched-linux-x86_64 0.0.17 13.88 318.14 332.02 OK
r-release-linux-x86_64 0.0.17 9.83 311.76 321.59 OK
r-release-macos-arm64 0.0.17 38.00 NOTE
r-release-macos-x86_64 0.0.17 138.00 OK
r-release-windows-x86_64 0.0.17 84.00 350.00 434.00 OK
r-oldrel-macos-arm64 0.0.17 49.00 NOTE
r-oldrel-macos-x86_64 0.0.17 59.00 NOTE
r-oldrel-windows-ix86+x86_64 0.0.17 24.00 379.00 403.00 OK

Check Details

Version: 0.0.17
Check: package dependencies
Result: NOTE
    Packages suggested but not available for checking:
     'Biobase', 'GO.db', 'GSEABase', 'org.Hs.eg.db', 'reactome.db'
Flavor: r-release-macos-arm64

Version: 0.0.17
Check: package dependencies
Result: NOTE
    Packages suggested but not available for checking:
     'GO.db', 'GSEABase', 'org.Hs.eg.db', 'reactome.db'
Flavor: r-oldrel-macos-arm64

Version: 0.0.17
Check: package dependencies
Result: NOTE
    Packages suggested but not available for checking:
     'GO.db', 'org.Hs.eg.db', 'reactome.db'
Flavor: r-oldrel-macos-x86_64