CRAN Package Check Results for Package BarcodingR

Last updated on 2024-07-24 03:49:11 CEST.

Flavor Version Tinstall Tcheck Ttotal Status Flags
r-devel-linux-x86_64-debian-clang 1.0-3 8.83 67.31 76.14 NOTE
r-devel-linux-x86_64-debian-gcc 1.0-3 6.36 49.60 55.96 NOTE
r-devel-linux-x86_64-fedora-clang 1.0-3 93.88 NOTE
r-devel-linux-x86_64-fedora-gcc 1.0-3 89.25 NOTE
r-devel-windows-x86_64 1.0-3 7.00 71.00 78.00 NOTE
r-patched-linux-x86_64 1.0-3 6.28 65.26 71.54 NOTE
r-release-linux-x86_64 1.0-3 8.77 64.98 73.75 NOTE
r-release-macos-arm64 1.0-3 30.00 NOTE
r-release-macos-x86_64 1.0-3 42.00 NOTE
r-release-windows-x86_64 1.0-3 8.00 72.00 80.00 NOTE
r-oldrel-macos-arm64 1.0-3 32.00 OK
r-oldrel-macos-x86_64 1.0-3 49.00 OK
r-oldrel-windows-x86_64 1.0-3 10.00 81.00 91.00 OK

Check Details

Version: 1.0-3
Check: Rd files
Result: NOTE checkRd: (-1) barcoding.spe.identify2.Rd:27: Lost braces; missing escapes or markup? 27 | read.dna() from package {ape} was used to obtain DNAbin object for unaligned non-coding barcodes. | ^ Flavors: r-devel-linux-x86_64-debian-clang, r-devel-linux-x86_64-debian-gcc, r-devel-linux-x86_64-fedora-clang, r-devel-linux-x86_64-fedora-gcc, r-devel-windows-x86_64, r-patched-linux-x86_64, r-release-linux-x86_64, r-release-macos-arm64, r-release-macos-x86_64, r-release-windows-x86_64