Last updated on 2023-12-09 15:52:15 CET.
Flavor | Version | Tinstall | Tcheck | Ttotal | Status | Flags |
---|---|---|---|---|---|---|
r-devel-linux-x86_64-debian-clang | 1.0-3 | 9.06 | 67.02 | 76.08 | NOTE | |
r-devel-linux-x86_64-debian-gcc | 1.0-3 | 5.98 | 49.79 | 55.77 | NOTE | |
r-devel-linux-x86_64-fedora-clang | 1.0-3 | 91.82 | OK | |||
r-devel-linux-x86_64-fedora-gcc | 1.0-3 | 92.80 | OK | |||
r-devel-windows-x86_64 | 1.0-3 | 7.00 | 71.00 | 78.00 | OK | |
r-patched-linux-x86_64 | 1.0-3 | 8.65 | 66.24 | 74.89 | OK | |
r-release-linux-x86_64 | 1.0-3 | 6.95 | 64.82 | 71.77 | OK | |
r-release-macos-arm64 | 1.0-3 | 32.00 | OK | |||
r-release-macos-x86_64 | 1.0-3 | 49.00 | OK | |||
r-release-windows-x86_64 | 1.0-3 | 10.00 | 80.00 | 90.00 | OK | |
r-oldrel-macos-arm64 | 1.0-3 | 32.00 | OK | |||
r-oldrel-macos-x86_64 | 1.0-3 | 42.00 | OK | |||
r-oldrel-windows-x86_64 | 1.0-3 | 10.00 | 83.00 | 93.00 | OK |
Version: 1.0-3
Check: Rd files
Result: NOTE
checkRd: (-1) barcoding.spe.identify2.Rd:27: Lost braces; missing escapes or markup?
27 | read.dna() from package {ape} was used to obtain DNAbin object for unaligned non-coding barcodes.
| ^
Flavors: r-devel-linux-x86_64-debian-clang, r-devel-linux-x86_64-debian-gcc