Last updated on 2022-05-26 15:53:06 CEST.
Flavor | Version | Tinstall | Tcheck | Ttotal | Status | Flags |
---|---|---|---|---|---|---|
r-devel-linux-x86_64-debian-clang | 2.0 | 4.11 | 43.74 | 47.85 | NOTE | |
r-devel-linux-x86_64-debian-gcc | 2.0 | 2.52 | 37.56 | 40.08 | NOTE | |
r-devel-linux-x86_64-fedora-clang | 2.0 | 56.58 | NOTE | |||
r-devel-linux-x86_64-fedora-gcc | 2.0 | 56.67 | NOTE | |||
r-devel-windows-x86_64 | 2.0 | 13.00 | 61.00 | 74.00 | NOTE | |
r-patched-linux-x86_64 | 2.0 | 2.42 | 42.66 | 45.08 | NOTE | |
r-release-linux-x86_64 | 2.0 | NOTE | ||||
r-release-macos-arm64 | 2.0 | 19.00 | NOTE | |||
r-release-macos-x86_64 | 2.0 | 30.00 | NOTE | |||
r-release-windows-x86_64 | 2.0 | 12.00 | 65.00 | 77.00 | NOTE | |
r-oldrel-macos-arm64 | 2.0 | 29.00 | NOTE | |||
r-oldrel-macos-x86_64 | 2.0 | 36.00 | NOTE | |||
r-oldrel-windows-ix86+x86_64 | 2.0 | 9.00 | 54.00 | 63.00 | NOTE |
Version: 2.0
Check: R code for possible problems
Result: NOTE
BSGS.Sample: no visible global function definition for 'rgamma'
BSGS.Simple: no visible global function definition for 'rgamma'
CompWiseGibbs: no visible global function definition for 'runif'
CompWiseGibbs: no visible global function definition for 'rnorm'
CompWiseGibbsSMP: no visible global function definition for 'rbinom'
CompWiseGibbsSMP: no visible global function definition for 'runif'
CompWiseGibbsSMP: no visible global function definition for 'rnorm'
CompWiseGibbsSimple: no visible global function definition for 'runif'
CompWiseGibbsSimple: no visible global function definition for 'rnorm'
CompWiseGibbsSimple: no visible global function definition for 'rgamma'
GroupMH: no visible global function definition for 'runif'
GroupZ.MH: no visible global function definition for 'runif'
Undefined global functions or variables:
rbinom rgamma rnorm runif
Consider adding
importFrom("stats", "rbinom", "rgamma", "rnorm", "runif")
to your NAMESPACE file.
Flavors: r-devel-linux-x86_64-debian-clang, r-devel-linux-x86_64-debian-gcc, r-devel-linux-x86_64-fedora-clang, r-devel-linux-x86_64-fedora-gcc, r-devel-windows-x86_64, r-patched-linux-x86_64, r-release-linux-x86_64, r-release-macos-arm64, r-release-macos-x86_64, r-release-windows-x86_64, r-oldrel-macos-arm64, r-oldrel-macos-x86_64, r-oldrel-windows-ix86+x86_64