Last updated on 2022-06-26 15:52:54 CEST.
Flavor | Version | Tinstall | Tcheck | Ttotal | Status | Flags |
---|---|---|---|---|---|---|
r-devel-linux-x86_64-debian-clang | 1.0.0 | 205.32 | 115.07 | 320.39 | OK | |
r-devel-linux-x86_64-debian-gcc | 1.0.0 | 205.44 | 87.10 | 292.54 | OK | |
r-devel-linux-x86_64-fedora-clang | 1.0.0 | 575.37 | NOTE | |||
r-devel-linux-x86_64-fedora-gcc | 1.0.0 | 493.32 | OK | |||
r-devel-windows-x86_64 | 1.0.0 | 184.00 | 199.00 | 383.00 | OK | |
r-patched-linux-x86_64 | 1.0.0 | 198.84 | 109.80 | 308.64 | OK | |
r-release-linux-x86_64 | 1.0.0 | 186.33 | 109.70 | 296.03 | OK | |
r-release-macos-arm64 | 1.0.0 | 127.00 | NOTE | |||
r-release-macos-x86_64 | 1.0.0 | 190.00 | NOTE | |||
r-release-windows-x86_64 | 1.0.0 | 173.00 | 210.00 | 383.00 | OK | |
r-oldrel-macos-arm64 | 1.0.0 | 182.00 | NOTE | |||
r-oldrel-macos-x86_64 | 1.0.0 | 164.00 | NOTE | |||
r-oldrel-windows-ix86+x86_64 | 1.0.0 | 476.00 | 184.00 | 660.00 | NOTE |
Version: 1.0.0
Check: installed package size
Result: NOTE
installed size is 13.5Mb
sub-directories of 1Mb or more:
libs 12.2Mb
Flavors: r-devel-linux-x86_64-fedora-clang, r-release-macos-arm64, r-release-macos-x86_64, r-oldrel-macos-arm64, r-oldrel-macos-x86_64, r-oldrel-windows-ix86+x86_64