Last updated on 2022-05-19 15:53:13 CEST.
Flavor | Version | Tinstall | Tcheck | Ttotal | Status | Flags |
---|---|---|---|---|---|---|
r-devel-linux-x86_64-debian-clang | 1.3 | 114.62 | 49.59 | 164.21 | WARN | |
r-devel-linux-x86_64-debian-gcc | 1.3 | 86.61 | 37.46 | 124.07 | OK | |
r-devel-linux-x86_64-fedora-clang | 1.3 | 230.61 | WARN | |||
r-devel-linux-x86_64-fedora-gcc | 1.3 | 202.40 | OK | |||
r-devel-windows-x86_64 | 1.3 | 121.00 | 88.00 | 209.00 | OK | |
r-patched-linux-x86_64 | 1.3 | 97.12 | 47.31 | 144.43 | OK | |
r-release-linux-x86_64 | 1.3 | 87.94 | 47.81 | 135.75 | OK | |
r-release-macos-arm64 | 1.3 | 48.00 | OK | |||
r-release-macos-x86_64 | 1.3 | 65.00 | OK | |||
r-release-windows-x86_64 | 1.3 | 146.00 | 114.00 | 260.00 | OK | |
r-oldrel-macos-arm64 | 1.3 | 58.00 | OK | |||
r-oldrel-macos-x86_64 | 1.3 | 97.00 | OK | |||
r-oldrel-windows-ix86+x86_64 | 1.3 | 267.00 | 87.00 | 354.00 | OK |
Version: 1.3
Check: whether package can be installed
Result: WARN
Found the following significant warnings:
get_latents.cpp:216:17: warning: use of bitwise '&' with boolean operands [-Wbitwise-instead-of-logical]
Flavors: r-devel-linux-x86_64-debian-clang, r-devel-linux-x86_64-fedora-clang