CRAN Package Check Results for Package BLRShiny2

Last updated on 2022-05-27 04:56:33 CEST.

Flavor Version Tinstall Tcheck Ttotal Status Flags
r-devel-linux-x86_64-debian-clang 0.1.0 2.22 28.89 31.11 NOTE
r-devel-linux-x86_64-debian-gcc 0.1.0 1.15 22.88 24.03 NOTE
r-devel-linux-x86_64-fedora-clang 0.1.0 38.41 NOTE
r-devel-linux-x86_64-fedora-gcc 0.1.0 39.20 NOTE
r-devel-windows-x86_64 0.1.0 9.00 47.00 56.00 NOTE
r-patched-linux-x86_64 0.1.0 2.37 28.57 30.94 NOTE
r-release-linux-x86_64 0.1.0 1.67 27.88 29.55 NOTE
r-release-macos-arm64 0.1.0 14.00 NOTE
r-release-macos-x86_64 0.1.0 22.00 NOTE
r-release-windows-x86_64 0.1.0 10.00 45.00 55.00 NOTE
r-oldrel-macos-arm64 0.1.0 17.00 NOTE
r-oldrel-macos-x86_64 0.1.0 21.00 NOTE
r-oldrel-windows-ix86+x86_64 0.1.0 8.00 45.00 53.00 NOTE

Check Details

Version: 0.1.0
Check: LazyData
Result: NOTE
     'LazyData' is specified without a 'data' directory
Flavors: r-devel-linux-x86_64-debian-clang, r-devel-linux-x86_64-debian-gcc, r-devel-linux-x86_64-fedora-clang, r-devel-linux-x86_64-fedora-gcc, r-devel-windows-x86_64, r-patched-linux-x86_64, r-release-linux-x86_64, r-release-macos-arm64, r-release-macos-x86_64, r-release-windows-x86_64, r-oldrel-macos-arm64, r-oldrel-macos-x86_64, r-oldrel-windows-ix86+x86_64

Version: 0.1.0
Check: dependencies in R code
Result: NOTE
    Namespaces in Imports field not imported from:
     ‘caret’ ‘datasets’ ‘dplyr’ ‘e1071’ ‘ggplot2’ ‘rhandsontable’ ‘shiny’
     All declared Imports should be used.
Flavors: r-devel-linux-x86_64-fedora-clang, r-devel-linux-x86_64-fedora-gcc, r-release-macos-arm64, r-release-macos-x86_64, r-oldrel-macos-arm64, r-oldrel-macos-x86_64