CRAN Package Check Results for Package BHSBVAR

Last updated on 2022-06-25 03:50:52 CEST.

Flavor Version Tinstall Tcheck Ttotal Status Flags
r-devel-linux-x86_64-debian-clang 3.0.1 51.72 62.18 113.90 WARN
r-devel-linux-x86_64-debian-gcc 3.0.1 45.77 46.52 92.29 OK
r-devel-linux-x86_64-fedora-clang 3.0.1 171.40 WARN
r-devel-linux-x86_64-fedora-gcc 3.0.1 157.25 OK
r-devel-windows-x86_64 3.0.1 58.00 131.00 189.00 OK
r-patched-linux-x86_64 3.0.1 43.37 60.15 103.52 OK
r-release-linux-x86_64 3.0.1 46.21 60.16 106.37 OK
r-release-macos-arm64 3.0.1 62.00 NOTE
r-release-macos-x86_64 3.0.1 78.00 NOTE
r-release-windows-x86_64 3.0.1 48.00 136.00 184.00 OK
r-oldrel-macos-arm64 3.0.1 72.00 NOTE
r-oldrel-macos-x86_64 3.0.1 79.00 NOTE
r-oldrel-windows-ix86+x86_64 3.0.1 119.00 143.00 262.00 OK

Additional issues

clang14

Check Details

Version: 3.0.1
Check: whether package can be installed
Result: WARN
    Found the following significant warnings:
     BHSBVAR.cpp:236:71: warning: use of bitwise '&' with boolean operands [-Wbitwise-instead-of-logical]
     BHSBVAR.cpp:236:23: warning: use of bitwise '&' with boolean operands [-Wbitwise-instead-of-logical]
     BHSBVAR.cpp:246:72: warning: use of bitwise '&' with boolean operands [-Wbitwise-instead-of-logical]
     BHSBVAR.cpp:246:23: warning: use of bitwise '&' with boolean operands [-Wbitwise-instead-of-logical]
     BHSBVAR.cpp:256:97: warning: use of bitwise '&' with boolean operands [-Wbitwise-instead-of-logical]
     BHSBVAR.cpp:256:122: warning: use of bitwise '|' with boolean operands [-Wbitwise-instead-of-logical]
     BHSBVAR.cpp:256:23: warning: use of bitwise '&' with boolean operands [-Wbitwise-instead-of-logical]
     BHSBVAR.cpp:256:47: warning: use of bitwise '|' with boolean operands [-Wbitwise-instead-of-logical]
     BHSBVAR.cpp:284:68: warning: use of bitwise '&' with boolean operands [-Wbitwise-instead-of-logical]
     BHSBVAR.cpp:284:20: warning: use of bitwise '&' with boolean operands [-Wbitwise-instead-of-logical]
     BHSBVAR.cpp:289:69: warning: use of bitwise '&' with boolean operands [-Wbitwise-instead-of-logical]
     BHSBVAR.cpp:289:20: warning: use of bitwise '&' with boolean operands [-Wbitwise-instead-of-logical]
     BHSBVAR.cpp:294:94: warning: use of bitwise '&' with boolean operands [-Wbitwise-instead-of-logical]
     BHSBVAR.cpp:294:119: warning: use of bitwise '|' with boolean operands [-Wbitwise-instead-of-logical]
     BHSBVAR.cpp:294:20: warning: use of bitwise '&' with boolean operands [-Wbitwise-instead-of-logical]
     BHSBVAR.cpp:294:44: warning: use of bitwise '|' with boolean operands [-Wbitwise-instead-of-logical]
Flavors: r-devel-linux-x86_64-debian-clang, r-devel-linux-x86_64-fedora-clang

Version: 3.0.1
Check: installed package size
Result: NOTE
     installed size is 5.5Mb
     sub-directories of 1Mb or more:
     libs 4.9Mb
Flavors: r-release-macos-arm64, r-release-macos-x86_64, r-oldrel-macos-arm64, r-oldrel-macos-x86_64