CRAN Package Check Results for Package BEKKs

Last updated on 2022-07-02 15:52:13 CEST.

Flavor Version Tinstall Tcheck Ttotal Status Flags
r-devel-linux-x86_64-debian-clang 1.3.0 172.86 739.48 912.34 OK
r-devel-linux-x86_64-debian-gcc 1.3.0 137.20 345.93 483.13 OK
r-devel-linux-x86_64-fedora-clang 1.3.0 979.78 NOTE
r-devel-linux-x86_64-fedora-gcc 1.3.0 764.57 NOTE
r-devel-windows-x86_64 1.3.0 125.00 433.00 558.00 OK
r-patched-linux-x86_64 1.3.0 142.89 463.03 605.92 OK
r-release-linux-x86_64 1.3.0 106.67 462.82 569.49 OK
r-release-macos-arm64 1.3.0 181.00 NOTE
r-release-macos-x86_64 1.3.0 242.00 NOTE
r-release-windows-x86_64 1.3.0 130.00 449.00 579.00 OK
r-oldrel-macos-arm64 1.3.0 167.00 NOTE
r-oldrel-macos-x86_64 1.3.0 228.00 NOTE
r-oldrel-windows-ix86+x86_64 1.3.0 363.00 882.00 1245.00 OK

Check Details

Version: 1.3.0
Check: installed package size
Result: NOTE
     installed size is 11.0Mb
     sub-directories of 1Mb or more:
     libs 10.1Mb
Flavors: r-devel-linux-x86_64-fedora-clang, r-release-macos-arm64, r-release-macos-x86_64, r-oldrel-macos-arm64, r-oldrel-macos-x86_64

Version: 1.3.0
Check: dependencies in R code
Result: NOTE
    Namespace in Imports field not imported from: ‘forecast’
     All declared Imports should be used.
Flavors: r-devel-linux-x86_64-fedora-clang, r-devel-linux-x86_64-fedora-gcc, r-release-macos-arm64, r-release-macos-x86_64, r-oldrel-macos-arm64, r-oldrel-macos-x86_64