Last updated on 2023-12-10 03:59:49 CET.
Flavor | Version | Tinstall | Tcheck | Ttotal | Status | Flags |
---|---|---|---|---|---|---|
r-devel-linux-x86_64-debian-clang | 1.4.13 | 14.80 | 100.99 | 115.79 | OK | |
r-devel-linux-x86_64-debian-gcc | 1.4.13 | 10.77 | 73.29 | 84.06 | OK | |
r-devel-linux-x86_64-fedora-clang | 1.4.13 | 139.64 | OK | |||
r-devel-linux-x86_64-fedora-gcc | 1.4.13 | 146.62 | OK | |||
r-devel-windows-x86_64 | 1.4.13 | 15.00 | 107.00 | 122.00 | OK | |
r-patched-linux-x86_64 | 1.4.13 | 14.06 | 95.85 | 109.91 | OK | |
r-release-linux-x86_64 | 1.4.13 | 14.06 | 93.34 | 107.40 | OK | |
r-release-macos-arm64 | 1.4.13 | 49.00 | NOTE | |||
r-release-macos-x86_64 | 1.4.13 | 74.00 | OK | |||
r-release-windows-x86_64 | 1.4.13 | 21.00 | 124.00 | 145.00 | OK | |
r-oldrel-macos-arm64 | 1.4.13 | 38.00 | OK | |||
r-oldrel-macos-x86_64 | 1.4.13 | 57.00 | OK | |||
r-oldrel-windows-x86_64 | 1.4.13 | 19.00 | 114.00 | 133.00 | OK |
Version: 1.4.13
Check: package dependencies
Result: NOTE
Package suggested but not available for checking: ‘GEOquery’
Flavor: r-release-macos-arm64