CRAN Package Check Results for Package BALLI

Last updated on 2022-05-27 04:56:32 CEST.

Flavor Version Tinstall Tcheck Ttotal Status Flags
r-devel-linux-x86_64-debian-clang 0.2.0 6.35 141.89 148.24 NOTE
r-devel-linux-x86_64-debian-gcc 0.2.0 5.45 103.85 109.30 NOTE
r-devel-linux-x86_64-fedora-clang 0.2.0 179.36 NOTE
r-devel-linux-x86_64-fedora-gcc 0.2.0 173.44 NOTE
r-devel-windows-x86_64 0.2.0 13.00 155.00 168.00 NOTE
r-patched-linux-x86_64 0.2.0 4.77 134.33 139.10 NOTE
r-release-linux-x86_64 0.2.0 6.63 134.02 140.65 NOTE
r-release-macos-arm64 0.2.0 47.00 NOTE
r-release-macos-x86_64 0.2.0 65.00 NOTE
r-release-windows-x86_64 0.2.0 17.00 160.00 177.00 NOTE
r-oldrel-macos-arm64 0.2.0 49.00 NOTE
r-oldrel-macos-x86_64 0.2.0 90.00 NOTE
r-oldrel-windows-ix86+x86_64 0.2.0 15.00 153.00 168.00 NOTE

Check Details

Version: 0.2.0
Check: LazyData
Result: NOTE
     'LazyData' is specified without a 'data' directory
Flavors: r-devel-linux-x86_64-debian-clang, r-devel-linux-x86_64-debian-gcc, r-devel-linux-x86_64-fedora-clang, r-devel-linux-x86_64-fedora-gcc, r-devel-windows-x86_64, r-patched-linux-x86_64, r-release-linux-x86_64, r-release-macos-arm64, r-release-macos-x86_64, r-release-windows-x86_64, r-oldrel-macos-arm64, r-oldrel-macos-x86_64, r-oldrel-windows-ix86+x86_64