CRAN Package Check Results for Package AzureStor

Last updated on 2022-07-01 03:53:44 CEST.

Flavor Version Tinstall Tcheck Ttotal Status Flags
r-devel-linux-x86_64-debian-clang 3.7.0 6.35 45.90 52.25 OK
r-devel-linux-x86_64-debian-gcc 3.7.0 6.12 35.38 41.50 OK
r-devel-linux-x86_64-fedora-clang 3.7.0 74.60 NOTE
r-devel-linux-x86_64-fedora-gcc 3.7.0 73.59 NOTE
r-devel-windows-x86_64 3.7.0 83.00 84.00 167.00 OK
r-patched-linux-x86_64 3.7.0 9.83 44.61 54.44 OK
r-release-linux-x86_64 3.7.0 5.89 44.73 50.62 OK
r-release-macos-arm64 3.7.0 27.00 NOTE
r-release-macos-x86_64 3.7.0 33.00 NOTE
r-release-windows-x86_64 3.7.0 91.00 83.00 174.00 OK
r-oldrel-macos-arm64 3.7.0 28.00 NOTE
r-oldrel-macos-x86_64 3.7.0 36.00 NOTE
r-oldrel-windows-ix86+x86_64 3.7.0 14.00 69.00 83.00 OK

Check Details

Version: 3.7.0
Check: dependencies in R code
Result: NOTE
    Namespace in Imports field not imported from: ‘R6’
     All declared Imports should be used.
Flavors: r-devel-linux-x86_64-fedora-clang, r-devel-linux-x86_64-fedora-gcc, r-release-macos-arm64, r-release-macos-x86_64, r-oldrel-macos-arm64, r-oldrel-macos-x86_64