Last updated on 2022-06-29 03:52:33 CEST.
Flavor | Version | Tinstall | Tcheck | Ttotal | Status | Flags |
---|---|---|---|---|---|---|
r-devel-linux-x86_64-debian-clang | 1.0.5 | 10.48 | 31.13 | 41.61 | OK | |
r-devel-linux-x86_64-debian-gcc | 1.0.5 | 7.37 | 24.40 | 31.77 | OK | |
r-devel-linux-x86_64-fedora-clang | 1.0.5 | 62.99 | NOTE | |||
r-devel-linux-x86_64-fedora-gcc | 1.0.5 | 61.93 | NOTE | |||
r-devel-windows-x86_64 | 1.0.5 | 52.00 | 59.00 | 111.00 | OK | |
r-patched-linux-x86_64 | 1.0.5 | 12.10 | 30.87 | 42.97 | OK | |
r-release-linux-x86_64 | 1.0.5 | 9.51 | 30.96 | 40.47 | OK | |
r-release-macos-arm64 | 1.0.5 | 22.00 | NOTE | |||
r-release-macos-x86_64 | 1.0.5 | 35.00 | NOTE | |||
r-release-windows-x86_64 | 1.0.5 | 50.00 | 59.00 | 109.00 | OK | |
r-oldrel-macos-arm64 | 1.0.5 | 23.00 | NOTE | |||
r-oldrel-macos-x86_64 | 1.0.5 | 31.00 | NOTE | |||
r-oldrel-windows-ix86+x86_64 | 1.0.5 | 19.00 | 52.00 | 71.00 | OK |
Version: 1.0.5
Check: dependencies in R code
Result: NOTE
Namespaces in Imports field not imported from:
‘R6’ ‘jose’ ‘openssl’
All declared Imports should be used.
Flavors: r-devel-linux-x86_64-fedora-clang, r-devel-linux-x86_64-fedora-gcc, r-release-macos-arm64, r-release-macos-x86_64, r-oldrel-macos-arm64, r-oldrel-macos-x86_64