CRAN Package Check Results for Package AzureGraph

Last updated on 2022-07-04 03:52:12 CEST.

Flavor Version Tinstall Tcheck Ttotal Status Flags
r-devel-linux-x86_64-debian-clang 1.3.2 11.41 34.29 45.70 OK
r-devel-linux-x86_64-debian-gcc 1.3.2 9.22 26.90 36.12 OK
r-devel-linux-x86_64-fedora-clang 1.3.2 68.57 NOTE
r-devel-linux-x86_64-fedora-gcc 1.3.2 66.37 NOTE
r-devel-windows-x86_64 1.3.2 49.00 72.00 121.00 OK
r-patched-linux-x86_64 1.3.2 12.23 34.11 46.34 OK
r-release-linux-x86_64 1.3.2 9.13 34.53 43.66 OK
r-release-macos-arm64 1.3.2 22.00 NOTE
r-release-macos-x86_64 1.3.2 32.00 NOTE
r-release-windows-x86_64 1.3.2 51.00 69.00 120.00 OK
r-oldrel-macos-arm64 1.3.2 32.00 NOTE
r-oldrel-macos-x86_64 1.3.2 34.00 NOTE
r-oldrel-windows-ix86+x86_64 1.3.2 18.00 56.00 74.00 OK

Check Details

Version: 1.3.2
Check: dependencies in R code
Result: NOTE
    Namespace in Imports field not imported from: ‘curl’
     All declared Imports should be used.
Flavors: r-devel-linux-x86_64-fedora-clang, r-devel-linux-x86_64-fedora-gcc, r-release-macos-arm64, r-release-macos-x86_64, r-oldrel-macos-arm64, r-oldrel-macos-x86_64