CRAN Package Check Results for Package AzureContainers

Last updated on 2022-05-16 15:53:07 CEST.

Flavor Version Tinstall Tcheck Ttotal Status Flags
r-devel-linux-x86_64-debian-clang 1.3.2 7.69 44.49 52.18 OK
r-devel-linux-x86_64-debian-gcc 1.3.2 5.57 34.75 40.32 OK
r-devel-linux-x86_64-fedora-clang 1.3.2 64.16 NOTE
r-devel-linux-x86_64-fedora-gcc 1.3.2 68.37 NOTE
r-devel-windows-x86_64 1.3.2 90.00 75.00 165.00 OK
r-patched-linux-x86_64 1.3.2 14.58 43.63 58.21 OK
r-release-linux-x86_64 1.3.2 6.53 44.13 50.66 OK
r-release-macos-arm64 1.3.2 27.00 NOTE
r-release-macos-x86_64 1.3.2 39.00 NOTE
r-release-windows-x86_64 1.3.2 81.00 84.00 165.00 OK
r-oldrel-macos-arm64 1.3.2 28.00 NOTE
r-oldrel-macos-x86_64 1.3.2 34.00 NOTE
r-oldrel-windows-ix86+x86_64 1.3.2 14.00 57.00 71.00 OK

Check Details

Version: 1.3.2
Check: dependencies in R code
Result: NOTE
    Namespace in Imports field not imported from: ‘openssl’
     All declared Imports should be used.
Flavors: r-devel-linux-x86_64-fedora-clang, r-devel-linux-x86_64-fedora-gcc, r-release-macos-arm64, r-release-macos-x86_64, r-oldrel-macos-arm64, r-oldrel-macos-x86_64

Version: 1.3.2
Check: Rd cross-references
Result: NOTE
    Undeclared package ‘AzureAuth’ in Rd xrefs
Flavor: r-devel-linux-x86_64-fedora-clang