Last updated on 2022-05-19 04:50:58 CEST.
Flavor | Version | Tinstall | Tcheck | Ttotal | Status | Flags |
---|---|---|---|---|---|---|
r-devel-linux-x86_64-debian-clang | 0.3.0 | 12.77 | 397.20 | 409.97 | OK | |
r-devel-linux-x86_64-debian-gcc | 0.3.0 | 11.33 | 294.70 | 306.03 | OK | |
r-devel-linux-x86_64-fedora-clang | 0.3.0 | 508.02 | NOTE | |||
r-devel-linux-x86_64-fedora-gcc | 0.3.0 | 496.75 | NOTE | |||
r-devel-windows-x86_64 | 0.3.0 | 32.00 | 434.00 | 466.00 | OK | |
r-patched-linux-x86_64 | 0.3.0 | 13.84 | 380.41 | 394.25 | OK | |
r-release-linux-x86_64 | 0.3.0 | 10.91 | 371.64 | 382.55 | OK | |
r-release-macos-arm64 | 0.3.0 | 164.00 | NOTE | |||
r-release-macos-x86_64 | 0.3.0 | 261.00 | NOTE | |||
r-release-windows-x86_64 | 0.3.0 | 27.00 | 426.00 | 453.00 | OK | |
r-oldrel-macos-arm64 | 0.3.0 | 159.00 | NOTE | |||
r-oldrel-macos-x86_64 | 0.3.0 | 219.00 | NOTE | |||
r-oldrel-windows-ix86+x86_64 | 0.3.0 | 29.00 | 446.00 | 475.00 | OK |
Version: 0.3.0
Check: dependencies in R code
Result: NOTE
Namespace in Imports field not imported from: ‘rpart’
All declared Imports should be used.
Flavors: r-devel-linux-x86_64-fedora-clang, r-devel-linux-x86_64-fedora-gcc, r-release-macos-arm64, r-release-macos-x86_64, r-oldrel-macos-arm64, r-oldrel-macos-x86_64