CRAN Package Check Results for Package AnaCoDa

Last updated on 2023-11-28 15:49:28 CET.

Flavor Version Tinstall Tcheck Ttotal Status Flags
r-devel-linux-x86_64-debian-clang 0.1.4.4 289.20 248.59 537.79 NOTE
r-devel-linux-x86_64-debian-gcc 0.1.4.4 214.78 181.98 396.76 NOTE
r-devel-linux-x86_64-fedora-clang 0.1.4.4 774.68 NOTE
r-devel-linux-x86_64-fedora-gcc 0.1.4.4 774.47 NOTE
r-devel-windows-x86_64 0.1.4.4 185.00 230.00 415.00 NOTE
r-patched-linux-x86_64 0.1.4.4 255.39 233.73 489.12 NOTE
r-release-linux-x86_64 0.1.4.4 248.35 232.30 480.65 NOTE
r-release-macos-arm64 0.1.4.4 198.00 NOTE
r-release-macos-x86_64 0.1.4.4 338.00 NOTE
r-release-windows-x86_64 0.1.4.4 204.00 301.00 505.00 NOTE
r-oldrel-macos-arm64 0.1.4.4 182.00 NOTE
r-oldrel-macos-x86_64 0.1.4.4 235.00 NOTE
r-oldrel-windows-x86_64 0.1.4.4 271.00 278.00 549.00 NOTE

Check Details

Version: 0.1.4.4
Check: C++ specification
Result: NOTE Specified C++11: please drop specification unless essential Flavors: r-devel-linux-x86_64-debian-clang, r-devel-linux-x86_64-debian-gcc, r-devel-linux-x86_64-fedora-clang, r-devel-linux-x86_64-fedora-gcc, r-devel-windows-x86_64, r-patched-linux-x86_64, r-release-linux-x86_64, r-release-macos-arm64, r-release-macos-x86_64, r-release-windows-x86_64

Version: 0.1.4.4
Check: LazyData
Result: NOTE 'LazyData' is specified without a 'data' directory Flavors: r-devel-linux-x86_64-debian-clang, r-devel-linux-x86_64-debian-gcc, r-devel-linux-x86_64-fedora-clang, r-devel-linux-x86_64-fedora-gcc, r-devel-windows-x86_64, r-patched-linux-x86_64, r-release-linux-x86_64, r-release-macos-arm64, r-release-macos-x86_64, r-release-windows-x86_64, r-oldrel-macos-arm64, r-oldrel-macos-x86_64, r-oldrel-windows-x86_64

Version: 0.1.4.4
Check: installed package size
Result: NOTE installed size is 27.3Mb sub-directories of 1Mb or more: libs 25.9Mb Flavors: r-release-macos-arm64, r-release-macos-x86_64, r-oldrel-macos-arm64, r-oldrel-macos-x86_64