CRAN Package Check Results for Package AmericanCallOpt

Last updated on 2022-01-21 16:50:45 CET.

Flavor Version Tinstall Tcheck Ttotal Status Flags
r-devel-linux-x86_64-debian-clang 0.95 1.57 30.66 32.23 NOTE
r-devel-linux-x86_64-debian-gcc 0.95 1.60 24.24 25.84 NOTE
r-devel-linux-x86_64-fedora-clang 0.95 42.15 NOTE
r-devel-linux-x86_64-fedora-gcc 0.95 33.61 NOTE
r-devel-windows-x86_64-new-UL 0.95 38.00 45.00 83.00 NOTE
r-devel-windows-x86_64-new-TK 0.95 NOTE
r-patched-linux-x86_64 0.95 2.54 30.57 33.11 NOTE
r-release-linux-x86_64 0.95 2.23 30.03 32.26 NOTE
r-release-macos-arm64 0.95 NOTE
r-release-macos-x86_64 0.95 NOTE
r-release-windows-ix86+x86_64 0.95 5.00 35.00 40.00 NOTE
r-oldrel-macos-x86_64 0.95 NOTE
r-oldrel-windows-ix86+x86_64 0.95 4.00 34.00 38.00 NOTE

Check Details

Version: 0.95
Check: DESCRIPTION meta-information
Result: NOTE
    Malformed Title field: should not end in a period.
Flavors: r-devel-linux-x86_64-debian-clang, r-devel-linux-x86_64-debian-gcc, r-devel-linux-x86_64-fedora-clang, r-devel-linux-x86_64-fedora-gcc, r-devel-windows-x86_64-new-UL, r-devel-windows-x86_64-new-TK, r-patched-linux-x86_64, r-release-linux-x86_64, r-release-macos-arm64, r-release-macos-x86_64, r-release-windows-ix86+x86_64, r-oldrel-macos-x86_64, r-oldrel-windows-ix86+x86_64