Last updated on 2022-07-04 03:52:11 CEST.
Flavor | Version | Tinstall | Tcheck | Ttotal | Status | Flags |
---|---|---|---|---|---|---|
r-devel-linux-x86_64-debian-clang | 1.3.0 | 69.26 | 415.37 | 484.63 | OK | |
r-devel-linux-x86_64-debian-gcc | 1.3.0 | 52.69 | 294.84 | 347.53 | OK | |
r-devel-linux-x86_64-fedora-clang | 1.3.0 | 570.43 | WARN | |||
r-devel-linux-x86_64-fedora-gcc | 1.3.0 | 570.29 | WARN | |||
r-devel-windows-x86_64 | 1.3.0 | 78.00 | 408.00 | 486.00 | OK | |
r-patched-linux-x86_64 | 1.3.0 | 45.33 | 381.57 | 426.90 | OK | |
r-release-linux-x86_64 | 1.3.0 | 66.85 | 382.16 | 449.01 | OK | |
r-release-macos-arm64 | 1.3.0 | 91.00 | OK | |||
r-release-macos-x86_64 | 1.3.0 | 172.00 | OK | |||
r-release-windows-x86_64 | 1.3.0 | 84.00 | 415.00 | 499.00 | OK | |
r-oldrel-macos-arm64 | 1.3.0 | 89.00 | OK | |||
r-oldrel-macos-x86_64 | 1.3.0 | 165.00 | OK | |||
r-oldrel-windows-ix86+x86_64 | 1.3.0 | 109.00 | 422.00 | 531.00 | OK |
Version: 1.3.0
Check: package dependencies
Result: WARN
Requires orphaned package: ‘gtools’
Flavors: r-devel-linux-x86_64-fedora-clang, r-devel-linux-x86_64-fedora-gcc