CRAN Package Check Results for Package AdhereR

Last updated on 2022-06-25 15:51:14 CEST.

Flavor Version Tinstall Tcheck Ttotal Status Flags
r-devel-linux-x86_64-debian-clang 0.7.0 15.78 113.35 129.13 OK
r-devel-linux-x86_64-debian-gcc 0.8.0 16.90 87.34 104.24 OK
r-devel-linux-x86_64-fedora-clang 0.8.0 129.18 NOTE
r-devel-linux-x86_64-fedora-gcc 0.8.0 175.97 OK
r-devel-windows-x86_64 0.8.0 90.00 157.00 247.00 NOTE
r-patched-linux-x86_64 0.7.0 19.37 109.28 128.65 OK
r-release-linux-x86_64 0.8.0 22.06 114.02 136.08 OK
r-release-macos-arm64 0.8.0 40.00 NOTE
r-release-macos-x86_64 0.8.0 64.00 NOTE
r-release-windows-x86_64 0.7.0 71.00 137.00 208.00 OK
r-oldrel-macos-arm64 0.8.0 38.00 NOTE
r-oldrel-macos-x86_64 0.8.0 65.00 NOTE
r-oldrel-windows-ix86+x86_64 0.8.0 34.00 133.00 167.00 NOTE

Check Details

Version: 0.8.0
Check: installed package size
Result: NOTE
     installed size is 6.2Mb
     sub-directories of 1Mb or more:
     doc 3.7Mb
Flavors: r-devel-linux-x86_64-fedora-clang, r-devel-windows-x86_64, r-release-macos-arm64, r-release-macos-x86_64, r-oldrel-macos-arm64, r-oldrel-macos-x86_64, r-oldrel-windows-ix86+x86_64