Last updated on 2022-05-27 15:51:34 CEST.
Flavor | Version | Tinstall | Tcheck | Ttotal | Status | Flags |
---|---|---|---|---|---|---|
r-devel-linux-x86_64-debian-clang | 0.1.0 | 2.10 | 29.89 | 31.99 | NOTE | |
r-devel-linux-x86_64-debian-gcc | 0.1.0 | 1.85 | 23.17 | 25.02 | NOTE | |
r-devel-linux-x86_64-fedora-clang | 0.1.0 | 38.56 | NOTE | |||
r-devel-linux-x86_64-fedora-gcc | 0.1.0 | 39.35 | NOTE | |||
r-devel-windows-x86_64 | 0.1.0 | 10.00 | 46.00 | 56.00 | NOTE | |
r-patched-linux-x86_64 | 0.1.0 | 1.76 | 28.95 | 30.71 | NOTE | |
r-release-linux-x86_64 | 0.1.0 | 2.02 | 28.88 | 30.90 | NOTE | |
r-release-macos-arm64 | 0.1.0 | 14.00 | NOTE | |||
r-release-macos-x86_64 | 0.1.0 | 26.00 | NOTE | |||
r-release-windows-x86_64 | 0.1.0 | 9.00 | 46.00 | 55.00 | NOTE | |
r-oldrel-macos-arm64 | 0.1.0 | 19.00 | NOTE | |||
r-oldrel-macos-x86_64 | 0.1.0 | 25.00 | NOTE | |||
r-oldrel-windows-ix86+x86_64 | 0.1.0 | 7.00 | 40.00 | 47.00 | NOTE |
Version: 0.1.0
Check: LazyData
Result: NOTE
'LazyData' is specified without a 'data' directory
Flavors: r-devel-linux-x86_64-debian-clang, r-devel-linux-x86_64-debian-gcc, r-devel-linux-x86_64-fedora-clang, r-devel-linux-x86_64-fedora-gcc, r-devel-windows-x86_64, r-patched-linux-x86_64, r-release-linux-x86_64, r-release-macos-arm64, r-release-macos-x86_64, r-release-windows-x86_64, r-oldrel-macos-arm64, r-oldrel-macos-x86_64, r-oldrel-windows-ix86+x86_64
Version: 0.1.0
Check: dependencies in R code
Result: NOTE
Namespaces in Imports field not imported from:
‘arules’ ‘arulesViz’ ‘dplyr’ ‘methods’ ‘plotly’ ‘shiny’ ‘shinyMatrix’
All declared Imports should be used.
Flavors: r-devel-linux-x86_64-fedora-clang, r-devel-linux-x86_64-fedora-gcc, r-release-macos-arm64, r-release-macos-x86_64, r-oldrel-macos-arm64, r-oldrel-macos-x86_64