Last updated on 2022-06-27 15:53:37 CEST.
Flavor | Version | Tinstall | Tcheck | Ttotal | Status | Flags |
---|---|---|---|---|---|---|
r-devel-linux-x86_64-debian-clang | 0.1.2 | 79.81 | 81.96 | 161.77 | OK | |
r-devel-linux-x86_64-debian-gcc | 0.1.2 | 60.37 | 60.77 | 121.14 | OK | |
r-devel-linux-x86_64-fedora-clang | 0.1.2 | 225.82 | NOTE | |||
r-devel-linux-x86_64-fedora-gcc | 0.1.2 | 208.49 | OK | |||
r-devel-windows-x86_64 | 0.1.2 | 69.00 | 123.00 | 192.00 | OK | |
r-patched-linux-x86_64 | 0.1.2 | 64.87 | 77.36 | 142.23 | OK | |
r-release-linux-x86_64 | 0.1.2 | 67.35 | 79.14 | 146.49 | OK | |
r-release-macos-arm64 | 0.1.2 | 52.00 | NOTE | |||
r-release-macos-x86_64 | 0.1.2 | 70.00 | NOTE | |||
r-release-windows-x86_64 | 0.1.2 | 64.00 | 121.00 | 185.00 | OK | |
r-oldrel-macos-arm64 | 0.1.2 | 45.00 | NOTE | |||
r-oldrel-macos-x86_64 | 0.1.2 | 66.00 | NOTE | |||
r-oldrel-windows-ix86+x86_64 | 0.1.2 | 161.00 | 135.00 | 296.00 | OK |
Version: 0.1.2
Check: installed package size
Result: NOTE
installed size is 15.1Mb
sub-directories of 1Mb or more:
libs 14.8Mb
Flavors: r-devel-linux-x86_64-fedora-clang, r-release-macos-arm64, r-release-macos-x86_64, r-oldrel-macos-arm64, r-oldrel-macos-x86_64