CRAN Package Check Results for Package APAtree

Last updated on 2022-06-27 15:53:37 CEST.

Flavor Version Tinstall Tcheck Ttotal Status Flags
r-devel-linux-x86_64-debian-clang 1.0.1 140.58 348.58 489.16 WARN
r-devel-linux-x86_64-debian-gcc 1.0.1 111.34 256.16 367.50 OK
r-devel-linux-x86_64-fedora-clang 1.0.1 626.93 WARN
r-devel-linux-x86_64-fedora-gcc 1.0.1 600.09 OK
r-devel-windows-x86_64 1.0.1 117.00 355.00 472.00 OK
r-patched-linux-x86_64 1.0.1 119.39 339.14 458.53 OK
r-release-linux-x86_64 1.0.1 127.68 338.80 466.48 OK
r-release-macos-arm64 1.0.1 126.00 OK
r-release-macos-x86_64 1.0.1 184.00 OK
r-release-windows-x86_64 1.0.1 120.00 361.00 481.00 OK
r-oldrel-macos-arm64 1.0.1 88.00 OK
r-oldrel-macos-x86_64 1.0.1 117.00 OK
r-oldrel-windows-ix86+x86_64 1.0.1 336.00 494.00 830.00 OK

Additional issues

clang14

Check Details

Version: 1.0.1
Check: whether package can be installed
Result: WARN
    Found the following significant warnings:
     get_subplot_boundary_pixels.cpp:37:10: warning: use of bitwise '|' with boolean operands [-Wbitwise-instead-of-logical]
     polygonize_class.cpp:52:10: warning: use of bitwise '&' with boolean operands [-Wbitwise-instead-of-logical]
     polygonize_class.cpp:78:16: warning: use of bitwise '&' with boolean operands [-Wbitwise-instead-of-logical]
     polygonize_class.cpp:99:11: warning: use of bitwise '|' with boolean operands [-Wbitwise-instead-of-logical]
     polygonize_class.cpp:102:12: warning: use of bitwise '&' with boolean operands [-Wbitwise-instead-of-logical]
Flavors: r-devel-linux-x86_64-debian-clang, r-devel-linux-x86_64-fedora-clang