Last updated on 2022-05-19 04:50:57 CEST.
Flavor | Version | Tinstall | Tcheck | Ttotal | Status | Flags |
---|---|---|---|---|---|---|
r-devel-linux-x86_64-debian-clang | 1.0.1 | 17.11 | 138.62 | 155.73 | OK | |
r-devel-linux-x86_64-debian-gcc | 1.0.1 | 13.79 | 103.52 | 117.31 | OK | |
r-devel-linux-x86_64-fedora-clang | 1.0.1 | 186.38 | NOTE | |||
r-devel-linux-x86_64-fedora-gcc | 1.0.1 | 183.54 | NOTE | |||
r-devel-windows-x86_64 | 1.0.1 | 34.00 | 155.00 | 189.00 | OK | |
r-patched-linux-x86_64 | 1.0.1 | 17.49 | 131.80 | 149.29 | OK | |
r-release-linux-x86_64 | 1.0.1 | 15.65 | 138.64 | 154.29 | OK | |
r-release-macos-arm64 | 1.0.1 | 49.00 | NOTE | |||
r-release-macos-x86_64 | 1.0.1 | 100.00 | NOTE | |||
r-release-windows-x86_64 | 1.0.1 | 27.00 | 151.00 | 178.00 | OK | |
r-oldrel-macos-arm64 | 1.0.1 | 52.00 | NOTE | |||
r-oldrel-macos-x86_64 | 1.0.1 | 94.00 | NOTE | |||
r-oldrel-windows-ix86+x86_64 | 1.0.1 | 40.00 | 142.00 | 182.00 | OK |
Version: 1.0.1
Check: dependencies in R code
Result: NOTE
Namespaces in Imports field not imported from:
‘devtools’ ‘mixexp’
All declared Imports should be used.
Flavors: r-devel-linux-x86_64-fedora-clang, r-devel-linux-x86_64-fedora-gcc, r-release-macos-arm64, r-release-macos-x86_64, r-oldrel-macos-arm64, r-oldrel-macos-x86_64