CRAN Package Check Results for Package AFR

Last updated on 2022-09-28 03:54:48 CEST.

Flavor Version Tinstall Tcheck Ttotal Status Flags
r-devel-linux-x86_64-debian-clang 0.1.0 10.30 104.29 114.59 OK
r-devel-linux-x86_64-debian-gcc 0.1.0 8.17 76.32 84.49 OK
r-devel-linux-x86_64-fedora-clang 0.1.0 164.43 NOTE
r-devel-linux-x86_64-fedora-gcc 0.1.0 140.62 NOTE
r-devel-windows-x86_64 0.1.0 35.00 150.00 185.00 OK
r-patched-linux-x86_64 0.1.0 9.53 98.51 108.04 OK
r-release-linux-x86_64 0.1.0 8.94 99.14 108.08 OK
r-release-macos-arm64 0.1.0 42.00 NOTE
r-release-macos-x86_64 0.1.0 72.00 NOTE
r-release-windows-x86_64 0.1.0 25.00 145.00 170.00 OK
r-oldrel-macos-arm64 0.1.0 39.00 NOTE
r-oldrel-macos-x86_64 0.1.0 58.00 NOTE
r-oldrel-windows-ix86+x86_64 0.1.0 25.00 132.00 157.00 OK

Check Details

Version: 0.1.0
Check: dependencies in R code
Result: NOTE
    Namespaces in Imports field not imported from:
     ‘regclass’ ‘writexl’
     All declared Imports should be used.
Flavors: r-devel-linux-x86_64-fedora-clang, r-devel-linux-x86_64-fedora-gcc, r-release-macos-arm64, r-release-macos-x86_64, r-oldrel-macos-arm64, r-oldrel-macos-x86_64