CRAN Package Check Results for Package ADMM

Last updated on 2022-06-28 15:53:10 CEST.

Flavor Version Tinstall Tcheck Ttotal Status Flags
r-devel-linux-x86_64-debian-clang 0.3.3 78.40 73.34 151.74 OK
r-devel-linux-x86_64-debian-gcc 0.3.3 62.58 56.07 118.65 OK
r-devel-linux-x86_64-fedora-clang 0.3.3 213.66 OK
r-devel-linux-x86_64-fedora-gcc 0.3.3 201.21 OK
r-devel-windows-x86_64 0.3.3 64.00 119.00 183.00 OK
r-patched-linux-x86_64 0.3.3 62.79 70.88 133.67 OK
r-release-linux-x86_64 0.3.3 67.35 71.40 138.75 OK
r-release-macos-arm64 0.3.3 54.00 NOTE
r-release-macos-x86_64 0.3.3 67.00 NOTE
r-release-windows-x86_64 0.3.3 64.00 118.00 182.00 OK
r-oldrel-macos-arm64 0.3.3 57.00 NOTE
r-oldrel-macos-x86_64 0.3.3 72.00 NOTE
r-oldrel-windows-ix86+x86_64 0.3.3 167.00 132.00 299.00 OK

Check Details

Version: 0.3.3
Check: installed package size
Result: NOTE
     installed size is 6.2Mb
     sub-directories of 1Mb or more:
     libs 6.0Mb
Flavors: r-release-macos-arm64, r-release-macos-x86_64, r-oldrel-macos-arm64, r-oldrel-macos-x86_64