Last updated on 2023-12-10 03:59:48 CET.
Flavor | Version | Tinstall | Tcheck | Ttotal | Status | Flags |
---|---|---|---|---|---|---|
r-devel-linux-x86_64-debian-clang | 1.0.22 | 5.26 | 85.65 | 90.91 | NOTE | |
r-devel-linux-x86_64-debian-gcc | 1.0.22 | 5.03 | 63.34 | 68.37 | NOTE | |
r-devel-linux-x86_64-fedora-clang | 1.0.22 | 117.86 | NOTE | |||
r-devel-linux-x86_64-fedora-gcc | 1.0.22 | 117.73 | OK | |||
r-devel-windows-x86_64 | 1.0.22 | 7.00 | 101.00 | 108.00 | NOTE | |
r-patched-linux-x86_64 | 1.0.22 | 5.50 | 83.09 | 88.59 | OK | |
r-release-linux-x86_64 | 1.0.22 | 5.60 | 82.43 | 88.03 | OK | |
r-release-macos-arm64 | 1.0.22 | 44.00 | NOTE | |||
r-release-macos-x86_64 | 1.0.22 | 67.00 | NOTE | |||
r-release-windows-x86_64 | 1.0.22 | 8.00 | 108.00 | 116.00 | NOTE | |
r-oldrel-macos-arm64 | 1.0.22 | 32.00 | NOTE | |||
r-oldrel-macos-x86_64 | 1.0.22 | 49.00 | NOTE | |||
r-oldrel-windows-x86_64 | 1.0.22 | 8.00 | 102.00 | 110.00 | NOTE |
Version: 1.0.22
Check: Rd files
Result: NOTE
checkRd: (-1) SVMDECON.Rd:23: Lost braces; missing escapes or markup?
23 | and the best result from three values of v = {0.25, 0.5, 0.75}
| ^
Flavors: r-devel-linux-x86_64-debian-clang, r-devel-linux-x86_64-debian-gcc
Version: 1.0.22
Check: installed package size
Result: NOTE
installed size is 7.6Mb
sub-directories of 1Mb or more:
doc 7.1Mb
Flavors: r-devel-linux-x86_64-fedora-clang, r-devel-windows-x86_64, r-release-macos-arm64, r-release-macos-x86_64, r-release-windows-x86_64, r-oldrel-macos-arm64, r-oldrel-macos-x86_64, r-oldrel-windows-x86_64
Version: 1.0.22
Check: package dependencies
Result: NOTE
Packages suggested but not available for checking: 'DeconRNASeq', 'WGCNA'
Flavors: r-release-macos-arm64, r-release-macos-x86_64