CRAN Package Check Results for Package smoof

Last updated on 2019-01-18 03:50:34 CET.

Flavor Version Tinstall Tcheck Ttotal Status Flags
r-devel-linux-x86_64-debian-clang 1.5.1 32.79 81.65 114.44 OK
r-devel-linux-x86_64-debian-gcc 1.5.1 26.11 60.32 86.43 OK
r-devel-linux-x86_64-fedora-clang 1.5.1 138.91 OK
r-devel-linux-x86_64-fedora-gcc 1.5.1 136.25 OK
r-devel-windows-ix86+x86_64 1.5.1 104.00 184.00 288.00 NOTE
r-patched-linux-x86_64 1.5.1 38.12 75.62 113.74 OK
r-patched-solaris-x86 1.5.1 159.90 OK
r-release-linux-x86_64 1.5.1 33.43 74.22 107.65 OK
r-release-windows-ix86+x86_64 1.5.1 90.00 168.00 258.00 NOTE
r-release-osx-x86_64 1.5.1 OK
r-oldrel-windows-ix86+x86_64 1.5.1 106.00 179.00 285.00 NOTE
r-oldrel-osx-x86_64 1.5.1 OK

Check Details

Version: 1.5.1
Check: package dependencies
Result: NOTE
    Package suggested but not available for checking: 'rPython'
Flavors: r-devel-windows-ix86+x86_64, r-release-windows-ix86+x86_64, r-oldrel-windows-ix86+x86_64