CRAN Package Check Results for Package smoof

Last updated on 2018-11-15 03:51:37 CET.

Flavor Version Tinstall Tcheck Ttotal Status Flags
r-devel-linux-x86_64-debian-clang 1.5.1 34.52 79.59 114.11 OK
r-devel-linux-x86_64-debian-gcc 1.5.1 30.70 63.28 93.98 OK
r-devel-linux-x86_64-fedora-clang 1.5.1 149.19 OK
r-devel-linux-x86_64-fedora-gcc 1.5.1 140.05 OK
r-devel-windows-ix86+x86_64 1.5.1 75.00 133.00 208.00 NOTE
r-patched-linux-x86_64 1.5.1 33.18 74.87 108.05 OK
r-patched-solaris-x86 1.5.1 183.10 OK
r-release-linux-x86_64 1.5.1 31.90 73.48 105.38 OK
r-release-windows-ix86+x86_64 1.5.1 90.00 137.00 227.00 NOTE
r-release-osx-x86_64 1.5.1 OK
r-oldrel-windows-ix86+x86_64 1.5.1 88.00 183.00 271.00 NOTE
r-oldrel-osx-x86_64 1.5.1 OK

Check Details

Version: 1.5.1
Check: package dependencies
Result: NOTE
    Package suggested but not available for checking: 'rPython'
Flavors: r-devel-windows-ix86+x86_64, r-release-windows-ix86+x86_64, r-oldrel-windows-ix86+x86_64