CRAN Package Check Results for Package smoof

Last updated on 2018-09-25 15:50:04 CEST.

Flavor Version Tinstall Tcheck Ttotal Status Flags
r-devel-linux-x86_64-debian-clang 1.5.1 33.75 81.54 115.29 OK
r-devel-linux-x86_64-debian-gcc 1.5.1 26.87 62.16 89.03 OK
r-devel-linux-x86_64-fedora-clang 1.5.1 147.26 OK
r-devel-linux-x86_64-fedora-gcc 1.5.1 140.39 OK
r-devel-windows-ix86+x86_64 1.5.1 108.00 131.00 239.00 NOTE
r-patched-linux-x86_64 1.5.1 30.19 72.19 102.38 OK
r-patched-solaris-x86 1.5.1 159.10 OK
r-release-linux-x86_64 1.5.1 35.21 72.56 107.77 OK
r-release-windows-ix86+x86_64 1.5.1 99.00 160.00 259.00 NOTE
r-release-osx-x86_64 1.5.1 OK
r-oldrel-windows-ix86+x86_64 1.5.1 74.00 174.00 248.00 NOTE
r-oldrel-osx-x86_64 1.5.1 OK

Check Details

Version: 1.5.1
Check: package dependencies
Result: NOTE
    Package suggested but not available for checking: 'rPython'
Flavors: r-devel-windows-ix86+x86_64, r-release-windows-ix86+x86_64, r-oldrel-windows-ix86+x86_64