CRAN Package Check Results for Package smoof

Last updated on 2019-04-19 03:47:48 CEST.

Flavor Version Tinstall Tcheck Ttotal Status Flags
r-devel-linux-x86_64-debian-clang 1.5.1 33.39 79.36 112.75 OK
r-devel-linux-x86_64-debian-gcc 1.5.1 26.23 60.07 86.30 OK
r-devel-linux-x86_64-fedora-clang 1.5.1 153.23 OK
r-devel-linux-x86_64-fedora-gcc 1.5.1 139.04 OK
r-devel-windows-ix86+x86_64 1.5.1 123.00 185.00 308.00 NOTE
r-patched-linux-x86_64 1.5.1 32.08 76.21 108.29 OK
r-patched-solaris-x86 1.5.1 176.60 OK
r-release-linux-x86_64 1.5.1 30.98 73.42 104.40 OK
r-release-windows-ix86+x86_64 1.5.1 77.00 176.00 253.00 NOTE
r-release-osx-x86_64 1.5.1 OK
r-oldrel-windows-ix86+x86_64 1.5.1 87.00 6.00 93.00 ERROR
r-oldrel-osx-x86_64 1.5.1 OK

Check Details

Version: 1.5.1
Check: package dependencies
Result: NOTE
    Package suggested but not available for checking: 'rPython'
Flavors: r-devel-windows-ix86+x86_64, r-release-windows-ix86+x86_64, r-oldrel-windows-ix86+x86_64

Version: 1.5.1
Check: whether package can be installed
Result: ERROR
    Installation failed.
Flavor: r-oldrel-windows-ix86+x86_64