CRAN Package Check Results for Package rrcov

Last updated on 2017-05-22 15:49:00.

Flavor Version Tinstall Tcheck Ttotal Status Flags
r-devel-linux-x86_64-debian-clang 1.4-3 5.66 105.97 111.62 NOTE
r-devel-linux-x86_64-debian-gcc 1.4-3 5.24 107.28 112.52 NOTE
r-devel-linux-x86_64-fedora-clang 1.4-3 206.48 NOTE --no-stop-on-test-error
r-devel-linux-x86_64-fedora-gcc 1.4-3 196.32 NOTE --no-stop-on-test-error
r-devel-windows-ix86+x86_64 1.4-3 32.00 257.00 289.00 OK
r-patched-linux-x86_64 1.4-3 5.60 105.23 110.83 NOTE
r-patched-solaris-sparc 1.4-3 1228.90 OK
r-patched-solaris-x86 1.4-3 226.60 OK
r-release-linux-x86_64 1.4-3 5.28 103.51 108.79 NOTE
r-release-windows-ix86+x86_64 1.4-3 21.00 267.00 288.00 OK
r-release-osx-x86_64 1.4-3 OK
r-oldrel-windows-ix86+x86_64 1.4-3 20.00 274.00 294.00 OK
r-oldrel-osx-x86_64 1.4-3 OK

Additional issues

valgrind

Check Details

Version: 1.4-3
Check: compiled code
Result: NOTE
    File ‘rrcov/libs/rrcov.so’:
     Found no calls to: ‘R_registerRoutines’, ‘R_useDynamicSymbols’
    
    It is good practice to register native routines and to disable symbol
    search.
    
    See ‘Writing portable packages’ in the ‘Writing R Extensions’ manual.
Flavors: r-devel-linux-x86_64-debian-clang, r-devel-linux-x86_64-debian-gcc, r-patched-linux-x86_64, r-release-linux-x86_64

Version: 1.4-3
Flags: --no-stop-on-test-error
Check: compiled code
Result: NOTE
    File ‘rrcov/libs/rrcov.so’:
     Found no calls to: ‘R_registerRoutines’, ‘R_useDynamicSymbols’
    
    It is good practice to register native routines and to disable symbol
    search.
    
    See ‘Writing portable packages’ in the ‘Writing R Extensions’ manual.
Flavors: r-devel-linux-x86_64-fedora-clang, r-devel-linux-x86_64-fedora-gcc