CRAN Package Check Results for Package rrcov

Last updated on 2017-04-23 15:48:45.

Flavor Version Tinstall Tcheck Ttotal Status Flags
r-devel-linux-x86_64-debian-clang 1.4-3 5.79 107.03 112.82 NOTE
r-devel-linux-x86_64-debian-gcc 1.4-3 5.08 104.37 109.45 NOTE
r-devel-linux-x86_64-fedora-clang 1.4-3 211.92 NOTE --no-stop-on-test-error
r-devel-linux-x86_64-fedora-gcc 1.4-3 192.30 NOTE --no-stop-on-test-error
r-devel-windows-ix86+x86_64 1.4-3 37.00 328.00 365.00 OK
r-patched-linux-x86_64 1.4-3 5.03 103.89 108.92 NOTE
r-patched-solaris-sparc 1.4-3 1228.90 OK
r-patched-solaris-x86 1.4-3 226.30 OK
r-release-linux-x86_64 1.4-3 6.75 105.22 111.97 NOTE
r-release-windows-ix86+x86_64 1.4-3 21.00 241.00 262.00 OK
r-release-osx-x86_64 1.4-3 OK
r-oldrel-windows-ix86+x86_64 1.4-3 19.00 223.00 242.00 OK
r-oldrel-osx-x86_64 1.4-3 OK

Check Details

Version: 1.4-3
Check: compiled code
Result: NOTE
    File ‘rrcov/libs/rrcov.so’:
     Found no calls to: ‘R_registerRoutines’, ‘R_useDynamicSymbols’
    
    It is good practice to register native routines and to disable symbol
    search.
    
    See ‘Writing portable packages’ in the ‘Writing R Extensions’ manual.
Flavors: r-devel-linux-x86_64-debian-clang, r-devel-linux-x86_64-debian-gcc, r-patched-linux-x86_64, r-release-linux-x86_64

Version: 1.4-3
Flags: --no-stop-on-test-error
Check: compiled code
Result: NOTE
    File ‘rrcov/libs/rrcov.so’:
     Found no calls to: ‘R_registerRoutines’, ‘R_useDynamicSymbols’
    
    It is good practice to register native routines and to disable symbol
    search.
    
    See ‘Writing portable packages’ in the ‘Writing R Extensions’ manual.
Flavors: r-devel-linux-x86_64-fedora-clang, r-devel-linux-x86_64-fedora-gcc