CRAN Package Check Results for Package rrcov

Last updated on 2018-01-16 15:49:41 CET.

Flavor Version Tinstall Tcheck Ttotal Status Flags
r-devel-linux-x86_64-debian-clang 1.4-3 6.59 177.92 184.51 NOTE
r-devel-linux-x86_64-debian-gcc 1.4-3 5.85 131.40 137.25 NOTE
r-devel-linux-x86_64-fedora-clang 1.4-3 196.25 NOTE
r-devel-linux-x86_64-fedora-gcc 1.4-3 193.61 NOTE
r-devel-windows-ix86+x86_64 1.4-3 32.00 261.00 293.00 OK
r-patched-linux-x86_64 1.4-3 6.42 170.99 177.41 NOTE
r-patched-solaris-x86 1.4-3 244.20 OK
r-release-linux-x86_64 1.4-3 6.60 170.33 176.93 NOTE
r-release-windows-ix86+x86_64 1.4-3 31.00 333.00 364.00 OK
r-release-osx-x86_64 1.4-3 OK
r-oldrel-windows-ix86+x86_64 1.4-3 27.00 304.00 331.00 OK
r-oldrel-osx-x86_64 1.4-3 OK

Check Details

Version: 1.4-3
Check: compiled code
Result: NOTE
    File ‘rrcov/libs/rrcov.so’:
     Found no calls to: ‘R_registerRoutines’, ‘R_useDynamicSymbols’
    
    It is good practice to register native routines and to disable symbol
    search.
    
    See ‘Writing portable packages’ in the ‘Writing R Extensions’ manual.
Flavors: r-devel-linux-x86_64-debian-clang, r-devel-linux-x86_64-debian-gcc, r-devel-linux-x86_64-fedora-clang, r-devel-linux-x86_64-fedora-gcc, r-patched-linux-x86_64, r-release-linux-x86_64