CRAN Package Check Results for Package rrcov

Last updated on 2017-03-24 03:47:56.

Flavor Version Tinstall Tcheck Ttotal Status Flags
r-devel-linux-x86_64-debian-clang 1.4-3 5.64 106.99 112.62 NOTE
r-devel-linux-x86_64-debian-gcc 1.4-3 4.90 101.11 106.02 NOTE
r-devel-linux-x86_64-fedora-clang 1.4-3 202.70 NOTE --no-stop-on-test-error
r-devel-linux-x86_64-fedora-gcc 1.4-3 194.82 NOTE --no-stop-on-test-error
r-devel-macos-x86_64-clang 1.4-3 151.85 NOTE --no-stop-on-test-error
r-devel-windows-ix86+x86_64 1.4-3 23.00 265.00 288.00 OK
r-patched-linux-x86_64 1.4-3 4.78 86.77 91.55 OK
r-patched-solaris-sparc 1.4-3 1228.90 OK
r-patched-solaris-x86 1.4-3 231.60 OK
r-release-linux-x86_64 1.4-3 4.75 88.06 92.81 OK
r-release-osx-x86_64-mavericks 1.4-3 OK
r-release-windows-ix86+x86_64 1.4-3 32.00 202.00 234.00 OK
r-oldrel-windows-ix86+x86_64 1.4-3 31.00 294.00 325.00 OK

Check Details

Version: 1.4-3
Check: compiled code
Result: NOTE
    File ‘rrcov/libs/rrcov.so’:
     Found no calls to: ‘R_registerRoutines’, ‘R_useDynamicSymbols’
    
    It is good practice to register native routines and to disable symbol
    search.
    
    See ‘Writing portable packages’ in the ‘Writing R Extensions’ manual.
Flavors: r-devel-linux-x86_64-debian-clang, r-devel-linux-x86_64-debian-gcc

Version: 1.4-3
Flags: --no-stop-on-test-error
Check: compiled code
Result: NOTE
    File ‘rrcov/libs/rrcov.so’:
     Found no calls to: ‘R_registerRoutines’, ‘R_useDynamicSymbols’
    
    It is good practice to register native routines and to disable symbol
    search.
    
    See ‘Writing portable packages’ in the ‘Writing R Extensions’ manual.
Flavors: r-devel-linux-x86_64-fedora-clang, r-devel-linux-x86_64-fedora-gcc, r-devel-macos-x86_64-clang