CRAN Package Check Results for Package rrcov

Last updated on 2014-08-31 02:48:13.

Flavor Version Tinstall Tcheck Ttotal Status Flags
r-devel-linux-x86_64-debian-clang 1.3-4 5.20 77.61 82.81 NOTE
r-devel-linux-x86_64-debian-gcc 1.3-4 5.18 76.71 81.88 NOTE
r-devel-linux-x86_64-fedora-clang 1.3-4 177.48 NOTE
r-devel-linux-x86_64-fedora-gcc 1.3-4 172.17 NOTE
r-devel-osx-x86_64-clang 1.3-4 144.50 NOTE
r-devel-windows-ix86+x86_64 1.3-4 17.00 157.00 174.00 NOTE
r-patched-linux-x86_64 1.3-4 5.29 82.85 88.14 NOTE
r-patched-solaris-sparc 1.3-4 1060.40 NOTE
r-patched-solaris-x86 1.3-4 222.20 NOTE
r-release-linux-ix86 1.3-4 6.85 106.66 113.51 NOTE
r-release-linux-x86_64 1.3-4 5.10 82.85 87.95 NOTE
r-release-osx-x86_64-mavericks 1.3-4 NOTE
r-release-windows-ix86+x86_64 1.3-4 18.00 171.00 189.00 NOTE
r-oldrel-windows-ix86+x86_64 1.3-4 26.00 178.00 204.00 NOTE

Check Details

Version: 1.3-4
Check: dependencies in R code
Result: NOTE
    Unexported objects imported by ':::' calls:
     ‘robustbase:::MCDcons’ ‘robustbase:::singularityMsg’
     See the note in ?`:::` about the use of this operator.
    See the information on DESCRIPTION files in the chapter ‘Creating R
    packages’ of the ‘Writing R Extensions’ manual.
Flavors: r-devel-linux-x86_64-debian-clang, r-devel-linux-x86_64-debian-gcc, r-devel-linux-x86_64-fedora-clang, r-devel-linux-x86_64-fedora-gcc, r-devel-osx-x86_64-clang, r-devel-windows-ix86+x86_64, r-patched-linux-x86_64, r-patched-solaris-sparc, r-patched-solaris-x86, r-release-linux-ix86, r-release-linux-x86_64, r-release-osx-x86_64-mavericks, r-release-windows-ix86+x86_64, r-oldrel-windows-ix86+x86_64

Version: 1.3-4
Check: R code for possible problems
Result: NOTE
    .rrpairs : panel.ellipse: no visible global function definition for
     ‘ellipsoidPoints’
    .xydistplot : myPanel: no visible global function definition for
     ‘panel.xyplot’
    .xydistplot : myPanel: no visible global function definition for
     ‘panel.abline’
    .xydistplot : myPanel: no visible global function definition for
     ‘ltext’
    .xydistplot: no visible global function definition for ‘xyplot’
    .xyqqchi2 : myPanel: no visible global function definition for
     ‘panel.xyplot’
    .xyqqchi2 : myPanel: no visible global function definition for
     ‘panel.abline’
    .xyqqchi2 : myPanel: no visible global function definition for ‘ltext’
    .xyqqchi2: no visible global function definition for ‘xyplot’
Flavors: r-devel-linux-x86_64-debian-clang, r-devel-linux-x86_64-debian-gcc, r-devel-linux-x86_64-fedora-clang, r-devel-linux-x86_64-fedora-gcc, r-devel-osx-x86_64-clang, r-devel-windows-ix86+x86_64