CRAN Package Check Results for Package rrcov

Last updated on 2017-10-23 03:50:44.

Flavor Version Tinstall Tcheck Ttotal Status Flags
r-devel-linux-x86_64-debian-clang 1.4-3 5.23 108.00 113.23 NOTE
r-devel-linux-x86_64-debian-gcc 1.4-3 5.70 112.69 118.39 NOTE
r-devel-linux-x86_64-fedora-clang 1.4-3 206.86 NOTE
r-devel-linux-x86_64-fedora-gcc 1.4-3 210.27 NOTE
r-devel-windows-ix86+x86_64 1.4-3 32.00 257.00 289.00 OK
r-patched-linux-x86_64 1.4-3 5.59 104.98 110.57 NOTE
r-patched-solaris-x86 1.4-3 236.60 OK
r-release-linux-x86_64 1.4-3 4.74 106.12 110.86 NOTE
r-release-windows-ix86+x86_64 1.4-3 33.00 340.00 373.00 OK
r-release-osx-x86_64 1.4-3 OK
r-oldrel-windows-ix86+x86_64 1.4-3 18.00 207.00 225.00 OK
r-oldrel-osx-x86_64 1.4-3 OK

Check Details

Version: 1.4-3
Check: compiled code
Result: NOTE
    File ‘rrcov/libs/rrcov.so’:
     Found no calls to: ‘R_registerRoutines’, ‘R_useDynamicSymbols’
    
    It is good practice to register native routines and to disable symbol
    search.
    
    See ‘Writing portable packages’ in the ‘Writing R Extensions’ manual.
Flavors: r-devel-linux-x86_64-debian-clang, r-devel-linux-x86_64-debian-gcc, r-devel-linux-x86_64-fedora-clang, r-devel-linux-x86_64-fedora-gcc, r-patched-linux-x86_64, r-release-linux-x86_64