CRAN Package Check Results for Package rrcov

Last updated on 2017-02-27 03:50:39.

Flavor Version Tinstall Tcheck Ttotal Status Flags
r-devel-linux-x86_64-debian-clang 1.4-3 5.65 110.40 116.05 NOTE
r-devel-linux-x86_64-debian-gcc 1.4-3 5.32 103.99 109.31 NOTE
r-devel-linux-x86_64-fedora-clang 1.4-3 210.61 NOTE --no-stop-on-test-error
r-devel-linux-x86_64-fedora-gcc 1.4-3 194.70 NOTE --no-stop-on-test-error
r-devel-macos-x86_64-clang 1.4-3 154.84 NOTE --no-stop-on-test-error
r-devel-windows-ix86+x86_64 1.4-3 23.00 485.00 508.00 ERROR
r-patched-linux-x86_64 1.4-3 4.59 87.15 91.74 OK
r-patched-solaris-sparc 1.4-3 1063.40 OK
r-patched-solaris-x86 1.4-3 197.00 OK
r-release-linux-x86_64 1.4-3 4.73 89.64 94.37 OK
r-release-osx-x86_64-mavericks 1.4-3 OK
r-release-windows-ix86+x86_64 1.4-3 41.00 386.00 427.00 OK
r-oldrel-windows-ix86+x86_64 1.4-3 30.00 288.00 318.00 OK

Check Details

Version: 1.4-3
Check: compiled code
Result: NOTE
    File ‘rrcov/libs/rrcov.so’:
     Found no calls to: ‘R_registerRoutines’, ‘R_useDynamicSymbols’
    
    It is good practice to register native routines and to disable symbol
    search.
    
    See ‘Writing portable packages’ in the ‘Writing R Extensions’ manual.
Flavors: r-devel-linux-x86_64-debian-clang, r-devel-linux-x86_64-debian-gcc

Version: 1.4-3
Flags: --no-stop-on-test-error
Check: compiled code
Result: NOTE
    File ‘rrcov/libs/rrcov.so’:
     Found no calls to: ‘R_registerRoutines’, ‘R_useDynamicSymbols’
    
    It is good practice to register native routines and to disable symbol
    search.
    
    See ‘Writing portable packages’ in the ‘Writing R Extensions’ manual.
Flavors: r-devel-linux-x86_64-fedora-clang, r-devel-linux-x86_64-fedora-gcc, r-devel-macos-x86_64-clang

Version: 1.4-3
Check: running examples for arch ‘i386’
Result: ERROR
    Running examples in 'rrcov-Ex.R' failed
    The error most likely occurred in:
    
    > ### Name: SummaryCovRobust-class
    > ### Title: Class "SummaryCovRobust" - summary of "CovRobust" objects
    > ### Aliases: SummaryCovRobust-class isClassic,SummaryCovRobust-method
    > ### show,SummaryCovRobust-method
    > ### Keywords: classes robust multivariate
    >
    > ### ** Examples
    >
    > data(hbk)
    Warning in gzfile(file, "rb") :
     cannot open compressed file 'D:\temp\RtmpMhv2fu\RLIBS_acc178b147d\robustbase/data/Rdata.rds', probable reason 'Permission denied'
    Error in gzfile(file, "rb") : cannot open the connection
    Calls: data -> readRDS -> gzfile
    Execution halted
Flavor: r-devel-windows-ix86+x86_64