CRAN Package Check Results for Package rrcov

Last updated on 2017-06-27 15:49:10.

Flavor Version Tinstall Tcheck Ttotal Status Flags
r-devel-linux-x86_64-debian-clang 1.4-3 6.04 106.69 112.72 NOTE
r-devel-linux-x86_64-debian-gcc 1.4-3 5.26 106.22 111.47 NOTE
r-devel-linux-x86_64-fedora-clang 1.4-3 207.06 NOTE
r-devel-linux-x86_64-fedora-gcc 1.4-3 207.01 NOTE
r-devel-windows-ix86+x86_64 1.4-3 34.00 309.00 343.00 OK
r-patched-linux-x86_64 1.4-3 5.26 105.26 110.52 NOTE
r-patched-solaris-sparc 1.4-3 1228.90 OK
r-patched-solaris-x86 1.4-3 227.40 OK
r-release-linux-x86_64 1.4-3 5.13 103.65 108.78 NOTE
r-release-windows-ix86+x86_64 1.4-3 31.00 338.00 369.00 OK
r-release-osx-x86_64 1.4-3 OK
r-oldrel-windows-ix86+x86_64 1.4-3 29.00 280.00 309.00 OK
r-oldrel-osx-x86_64 1.4-3 OK

Additional issues

valgrind

Check Details

Version: 1.4-3
Check: compiled code
Result: NOTE
    File ‘rrcov/libs/rrcov.so’:
     Found no calls to: ‘R_registerRoutines’, ‘R_useDynamicSymbols’
    
    It is good practice to register native routines and to disable symbol
    search.
    
    See ‘Writing portable packages’ in the ‘Writing R Extensions’ manual.
Flavors: r-devel-linux-x86_64-debian-clang, r-devel-linux-x86_64-debian-gcc, r-devel-linux-x86_64-fedora-clang, r-devel-linux-x86_64-fedora-gcc, r-patched-linux-x86_64, r-release-linux-x86_64