CRAN Package Check Results for Package rminer

Last updated on 2014-09-21 03:49:11.

Flavor Version Tinstall Tcheck Ttotal Status Flags
r-devel-linux-x86_64-debian-clang 1.3.1 5.06 67.60 72.66 NOTE
r-devel-linux-x86_64-debian-gcc 1.3.1 4.98 65.18 70.16 NOTE
r-devel-linux-x86_64-fedora-clang 1.3.1 166.57 NOTE
r-devel-linux-x86_64-fedora-gcc 1.3.1 155.42 NOTE
r-devel-osx-x86_64-clang 1.3.1 127.90 NOTE
r-devel-windows-ix86+x86_64 1.3.1 12.00 90.00 102.00 NOTE
r-patched-linux-x86_64 1.3.1 5.34 70.42 75.76 NOTE
r-patched-solaris-sparc 1.3.1 937.00 NOTE
r-patched-solaris-x86 1.3.1 208.60 NOTE
r-release-linux-ix86 1.3.1 6.31 85.58 91.89 NOTE
r-release-linux-x86_64 1.3.1 5.43 73.23 78.66 NOTE
r-release-osx-x86_64-mavericks 1.3.1 NOTE
r-release-osx-x86_64-snowleopard 1.3.1 NOTE
r-release-windows-ix86+x86_64 1.3.1 14.00 92.00 106.00 NOTE
r-oldrel-windows-ix86+x86_64 1.3.1 14.00 93.00 107.00 NOTE

Check Details

Version: 1.3.1
Check: dependencies in R code
Result: NOTE
    Namespace in Imports field not imported from: ‘methods’
     All declared Imports should be used.
    See the information on DESCRIPTION files in the chapter ‘Creating R
    packages’ of the ‘Writing R Extensions’ manual.
Flavors: r-devel-linux-x86_64-debian-clang, r-devel-linux-x86_64-debian-gcc, r-devel-linux-x86_64-fedora-clang, r-devel-linux-x86_64-fedora-gcc, r-devel-osx-x86_64-clang, r-devel-windows-ix86+x86_64, r-patched-linux-x86_64, r-patched-solaris-sparc, r-patched-solaris-x86, r-release-linux-ix86, r-release-linux-x86_64, r-release-osx-x86_64-mavericks, r-release-osx-x86_64-snowleopard, r-release-windows-ix86+x86_64, r-oldrel-windows-ix86+x86_64

Version: 1.3.1
Check: R code for possible problems
Result: NOTE
    fit: no visible global function definition for ‘mars’
    fit: no visible global function definition for ‘bruto’
    fit: no visible global function definition for ‘lda’
    fit: no visible global function definition for ‘qda’
    fit: no visible global function definition for ‘randomForest’
Flavors: r-devel-linux-x86_64-debian-clang, r-devel-linux-x86_64-debian-gcc, r-devel-linux-x86_64-fedora-clang, r-devel-linux-x86_64-fedora-gcc, r-devel-osx-x86_64-clang, r-devel-windows-ix86+x86_64