CRAN Package Check Results for Package rminer

Last updated on 2014-10-22 03:48:14.

Flavor Version Tinstall Tcheck Ttotal Status Flags
r-devel-linux-x86_64-debian-clang 1.3.1 5.10 67.52 72.62 NOTE
r-devel-linux-x86_64-debian-gcc 1.3.1 5.03 66.92 71.96 NOTE
r-devel-linux-x86_64-fedora-clang 1.3.1 167.57 NOTE
r-devel-linux-x86_64-fedora-gcc 1.3.1 159.78 NOTE
r-devel-osx-x86_64-clang 1.3.1 128.29 NOTE
r-devel-windows-ix86+x86_64 1.3.1 12.00 93.00 105.00 NOTE
r-patched-linux-x86_64 1.3.1 5.15 71.38 76.53 NOTE
r-patched-solaris-sparc 1.3.1 929.20 NOTE
r-patched-solaris-x86 1.3.1 215.70 NOTE
r-release-linux-ix86 1.3.1 6.32 85.40 91.72 NOTE
r-release-linux-x86_64 1.3.1 5.32 71.31 76.63 NOTE
r-release-osx-x86_64-mavericks 1.3.1 NOTE
r-release-osx-x86_64-snowleopard 1.3.1 NOTE
r-release-windows-ix86+x86_64 1.3.1 14.00 100.00 114.00 NOTE
r-oldrel-windows-ix86+x86_64 1.3.1 12.00 90.00 102.00 NOTE

Check Details

Version: 1.3.1
Check: dependencies in R code
Result: NOTE
    Namespace in Imports field not imported from: ‘methods’
     All declared Imports should be used.
    See the information on DESCRIPTION files in the chapter ‘Creating R
    packages’ of the ‘Writing R Extensions’ manual.
Flavors: r-devel-linux-x86_64-debian-clang, r-devel-linux-x86_64-debian-gcc, r-devel-linux-x86_64-fedora-clang, r-devel-linux-x86_64-fedora-gcc, r-devel-osx-x86_64-clang, r-devel-windows-ix86+x86_64, r-patched-linux-x86_64, r-patched-solaris-sparc, r-patched-solaris-x86, r-release-linux-ix86, r-release-linux-x86_64, r-release-osx-x86_64-mavericks, r-release-osx-x86_64-snowleopard, r-release-windows-ix86+x86_64, r-oldrel-windows-ix86+x86_64

Version: 1.3.1
Check: R code for possible problems
Result: NOTE
    fit: no visible global function definition for ‘mars’
    fit: no visible global function definition for ‘bruto’
    fit: no visible global function definition for ‘lda’
    fit: no visible global function definition for ‘qda’
    fit: no visible global function definition for ‘randomForest’
Flavors: r-devel-linux-x86_64-debian-clang, r-devel-linux-x86_64-debian-gcc, r-devel-linux-x86_64-fedora-clang, r-devel-linux-x86_64-fedora-gcc, r-devel-osx-x86_64-clang, r-devel-windows-ix86+x86_64, r-patched-linux-x86_64, r-patched-solaris-sparc, r-patched-solaris-x86