CRAN Package Check Results for Package rminer

Last updated on 2015-05-27 03:48:22.

Flavor Version Tinstall Tcheck Ttotal Status Flags
r-devel-linux-x86_64-debian-clang 1.4 6.15 75.34 81.49 OK
r-devel-linux-x86_64-debian-gcc 1.4 5.87 73.33 79.20 OK
r-devel-linux-x86_64-fedora-clang 1.4 167.98 OK
r-devel-linux-x86_64-fedora-gcc 1.4 162.73 OK
r-devel-osx-x86_64-clang 1.4 146.78 OK
r-devel-windows-ix86+x86_64 1.4 16.00 110.00 126.00 OK
r-patched-linux-x86_64 1.4 5.73 73.89 79.62 OK
r-patched-solaris-sparc 1.4 1003.70 OK
r-patched-solaris-x86 1.4 223.80 OK
r-release-linux-x86_64 1.4 6.14 73.85 79.98 OK
r-release-osx-x86_64-mavericks 1.4 OK
r-release-osx-x86_64-snowleopard 1.4 ERROR
r-release-windows-ix86+x86_64 1.4 19.00 119.00 138.00 OK
r-oldrel-windows-ix86+x86_64 1.4 40.00 193.00 233.00 OK

Check Details

Version: 1.4
Check: package dependencies
Result: ERROR
    Packages required but not available: ‘kknn’ ‘adabag’ ‘party’
    
    See section ‘The DESCRIPTION file’ in the ‘Writing R Extensions’
    manual.
Flavor: r-release-osx-x86_64-snowleopard