CRAN Package Check Results for Package rminer

Last updated on 2018-05-27 15:47:12 CEST.

Flavor Version Tinstall Tcheck Ttotal Status Flags
r-devel-linux-x86_64-debian-clang 1.4.2 16.41 170.44 186.85 OK
r-devel-linux-x86_64-debian-gcc 1.4.2 18.22 128.44 146.66 OK
r-devel-linux-x86_64-fedora-clang 1.4.2 225.50 OK
r-devel-linux-x86_64-fedora-gcc 1.4.2 220.65 OK
r-devel-windows-ix86+x86_64 1.4.2 28.00 147.00 175.00 OK
r-patched-linux-x86_64 1.4.2 14.61 140.82 155.43 OK
r-patched-solaris-x86 1.4.2 3.40 ERROR
r-release-linux-x86_64 1.4.2 18.03 139.92 157.95 OK
r-release-windows-ix86+x86_64 1.4.2 38.00 201.00 239.00 OK
r-release-osx-x86_64 1.4.2 OK
r-oldrel-windows-ix86+x86_64 1.4.2 35.00 206.00 241.00 OK
r-oldrel-osx-x86_64 1.4.2 OK

Check Details

Version: 1.4.2
Check: package dependencies
Result: ERROR
    Package required but not available: ‘xgboost’
    
    See section ‘The DESCRIPTION file’ in the ‘Writing R Extensions’
    manual.
Flavor: r-patched-solaris-x86