CRAN Package Check Results for Package rminer

Last updated on 2014-07-30 03:48:26.

Flavor Version Tinstall Tcheck Ttotal Status Flags
r-devel-linux-x86_64-debian-clang 1.3.1 5.44 69.82 75.27 NOTE
r-devel-linux-x86_64-debian-gcc 1.3.1 5.16 69.48 74.64 NOTE
r-devel-linux-x86_64-fedora-clang 1.3.1 177.78 NOTE
r-devel-linux-x86_64-fedora-gcc 1.3.1 164.20 NOTE
r-devel-osx-x86_64-clang 1.3.1 133.49 NOTE
r-devel-windows-ix86+x86_64 1.3.1 14.00 97.00 111.00 NOTE
r-patched-linux-x86_64 1.3.1 5.26 68.75 74.01 NOTE
r-patched-solaris-sparc 1.3.1 940.60 NOTE
r-patched-solaris-x86 1.3.1 212.20 NOTE
r-release-linux-ix86 1.3.1 6.23 83.32 89.54 NOTE
r-release-linux-x86_64 1.3.1 5.31 70.06 75.37 NOTE
r-release-osx-x86_64-mavericks 1.3.1 NOTE
r-release-osx-x86_64-snowleopard 1.3.1 NOTE
r-release-windows-ix86+x86_64 1.3.1 13.00 99.00 112.00 NOTE
r-oldrel-windows-ix86+x86_64 1.3.1 13.00 94.00 107.00 NOTE

Check Details

Version: 1.3.1
Check: dependencies in R code
Result: NOTE
    Namespace in Imports field not imported from: methods
     All declared Imports should be used.
    See the information on DESCRIPTION files in the chapter Creating R
    packages of the Writing R Extensions manual.
Flavors: r-devel-linux-x86_64-debian-clang, r-devel-linux-x86_64-debian-gcc, r-devel-linux-x86_64-fedora-clang, r-devel-linux-x86_64-fedora-gcc, r-devel-osx-x86_64-clang, r-devel-windows-ix86+x86_64, r-patched-linux-x86_64, r-patched-solaris-sparc, r-patched-solaris-x86, r-release-linux-ix86, r-release-linux-x86_64, r-release-osx-x86_64-mavericks, r-release-osx-x86_64-snowleopard, r-release-windows-ix86+x86_64, r-oldrel-windows-ix86+x86_64