CRAN Package Check Results for Package mirt

Last updated on 2017-05-22 15:48:47.

Flavor Version Tinstall Tcheck Ttotal Status Flags
r-devel-linux-x86_64-debian-clang 1.24 50.64 91.39 142.03 OK
r-devel-linux-x86_64-debian-gcc 1.24 53.81 90.49 144.30 OK
r-devel-linux-x86_64-fedora-clang 1.24 287.02 OK --no-stop-on-test-error
r-devel-linux-x86_64-fedora-gcc 1.24 280.71 NOTE --no-stop-on-test-error
r-devel-windows-ix86+x86_64 1.24 171.00 167.00 338.00 OK
r-patched-linux-x86_64 1.24 47.12 88.35 135.47 OK
r-patched-solaris-sparc 1.24 1481.00 OK
r-patched-solaris-x86 1.24 302.60 OK --no-stop-on-test-error
r-release-linux-x86_64 1.24 47.27 88.44 135.71 OK
r-release-windows-ix86+x86_64 1.24 122.00 234.00 356.00 OK
r-release-osx-x86_64 1.24 OK
r-oldrel-windows-ix86+x86_64 1.24 132.00 206.00 338.00 OK
r-oldrel-osx-x86_64 1.24 OK

Check Details

Version: 1.24
Flags: --no-stop-on-test-error
Check: installed package size
Result: NOTE
     installed size is 5.8Mb
     sub-directories of 1Mb or more:
     R 1.2Mb
     libs 4.1Mb
Flavor: r-devel-linux-x86_64-fedora-gcc