CRAN Package Check Results for Package mirt

Last updated on 2016-09-28 03:47:11.

Flavor Version Tinstall Tcheck Ttotal Status Flags
r-devel-linux-x86_64-debian-clang 1.19 48.31 85.62 133.92 OK
r-devel-linux-x86_64-debian-gcc 1.19 51.32 86.74 138.06 NOTE
r-devel-linux-x86_64-fedora-clang 1.19 256.52 OK
r-devel-linux-x86_64-fedora-gcc 1.19 248.81 NOTE
r-devel-macos-x86_64-clang 1.19 191.36 OK
r-devel-windows-ix86+x86_64 1.19 168.00 179.00 347.00 OK
r-patched-linux-x86_64 1.19 44.08 81.94 126.03 OK
r-patched-solaris-sparc 1.19 1474.30 OK
r-patched-solaris-x86 1.19 269.20 OK
r-release-linux-x86_64 1.19 47.99 84.37 132.36 OK
r-release-osx-x86_64-mavericks 1.19 OK
r-release-windows-ix86+x86_64 1.19 163.00 194.00 357.00 OK
r-oldrel-windows-ix86+x86_64 1.19 156.00 212.00 368.00 OK

Check Details

Version: 1.19
Check: installed package size
Result: NOTE
     installed size is 5.1Mb
     sub-directories of 1Mb or more:
     libs 3.7Mb
Flavors: r-devel-linux-x86_64-debian-gcc, r-devel-linux-x86_64-fedora-gcc