CRAN Package Check Results for Package mirt

Last updated on 2017-02-27 03:50:25.

Flavor Version Tinstall Tcheck Ttotal Status Flags
r-devel-linux-x86_64-debian-clang 1.22 51.22 88.34 139.56 NOTE
r-devel-linux-x86_64-debian-gcc 1.22 55.49 87.25 142.74 NOTE
r-devel-linux-x86_64-fedora-clang 1.22 304.38 NOTE --no-stop-on-test-error
r-devel-linux-x86_64-fedora-gcc 1.22 272.92 NOTE --no-stop-on-test-error
r-devel-macos-x86_64-clang 1.22 209.63 NOTE --no-stop-on-test-error
r-devel-windows-ix86+x86_64 1.22 135.00 280.00 415.00 OK
r-patched-linux-x86_64 1.22 45.46 86.49 131.95 OK
r-patched-solaris-sparc 1.22 1418.10 OK
r-patched-solaris-x86 1.22 257.80 OK
r-release-linux-x86_64 1.22 46.13 86.33 132.46 OK
r-release-osx-x86_64-mavericks 1.22 OK
r-release-windows-ix86+x86_64 1.22 225.00 284.00 509.00 OK
r-oldrel-windows-ix86+x86_64 1.22 157.00 238.00 395.00 OK

Check Details

Version: 1.22
Check: compiled code
Result: NOTE
    File ‘mirt/libs/mirt.so’:
     Found no calls to: ‘R_registerRoutines’, ‘R_useDynamicSymbols’
    
    It is good practice to register native routines and to disable symbol
    search.
    
    See ‘Writing portable packages’ in the ‘Writing R Extensions’ manual.
Flavors: r-devel-linux-x86_64-debian-clang, r-devel-linux-x86_64-debian-gcc

Version: 1.22
Flags: --no-stop-on-test-error
Check: compiled code
Result: NOTE
    File ‘mirt/libs/mirt.so’:
     Found no calls to: ‘R_registerRoutines’, ‘R_useDynamicSymbols’
    
    It is good practice to register native routines and to disable symbol
    search.
    
    See ‘Writing portable packages’ in the ‘Writing R Extensions’ manual.
Flavors: r-devel-linux-x86_64-fedora-clang, r-devel-linux-x86_64-fedora-gcc, r-devel-macos-x86_64-clang

Version: 1.22
Flags: --no-stop-on-test-error
Check: installed package size
Result: NOTE
     installed size is 5.4Mb
     sub-directories of 1Mb or more:
     R 1.2Mb
     libs 3.7Mb
Flavor: r-devel-linux-x86_64-fedora-gcc