CRAN Package Check Results for Package mirt

Last updated on 2018-01-16 03:50:50 CET.

Flavor Version Tinstall Tcheck Ttotal Status Flags
r-devel-linux-x86_64-debian-clang 1.26.3 101.66 139.84 241.50 WARN
r-devel-linux-x86_64-debian-gcc 1.26.3 88.99 120.33 209.32 OK
r-devel-linux-x86_64-fedora-clang 1.26.3 312.57 WARN
r-devel-linux-x86_64-fedora-gcc 1.26.3 325.27 NOTE
r-devel-windows-ix86+x86_64 1.26.3 155.00 255.00 410.00 OK
r-patched-linux-x86_64 1.26.3 92.36 163.50 255.86 OK
r-patched-solaris-x86 1.26.3 377.70 OK
r-release-linux-x86_64 1.26.3 98.71 168.49 267.20 OK
r-release-windows-ix86+x86_64 1.26.3 225.00 176.00 401.00 OK
r-release-osx-x86_64 1.26.3 NOTE
r-oldrel-windows-ix86+x86_64 1.26.3 225.00 175.00 400.00 OK
r-oldrel-osx-x86_64 1.26.3 NOTE

Check Details

Version: 1.26.3
Check: whether package can be installed
Result: WARN
    Found the following significant warnings:
     ggum_derivs.cpp:299:47: warning: explicitly assigning value of variable of type 'int' to itself [-Wself-assign]
     ggum_derivs.cpp:299:51: warning: explicitly assigning value of variable of type 'int' to itself [-Wself-assign]
     ggum_derivs.cpp:301:49: warning: explicitly assigning value of variable of type 'int' to itself [-Wself-assign]
     ggum_derivs.cpp:301:53: warning: explicitly assigning value of variable of type 'int' to itself [-Wself-assign]
     ggum_derivs.cpp:306:50: warning: explicitly assigning value of variable of type 'int' to itself [-Wself-assign]
     ggum_derivs.cpp:306:54: warning: explicitly assigning value of variable of type 'int' to itself [-Wself-assign]
     ggum_derivs.cpp:1800:58: warning: explicitly assigning value of variable of type 'int' to itself [-Wself-assign]
     ggum_derivs.cpp:1800:62: warning: explicitly assigning value of variable of type 'int' to itself [-Wself-assign]
     ggum_derivs.cpp:1841:58: warning: explicitly assigning value of variable of type 'int' to itself [-Wself-assign]
     ggum_derivs.cpp:1841:62: warning: explicitly assigning value of variable of type 'int' to itself [-Wself-assign]
Flavors: r-devel-linux-x86_64-debian-clang, r-devel-linux-x86_64-fedora-clang

Version: 1.26.3
Check: installed package size
Result: NOTE
     installed size is 7.1Mb
     sub-directories of 1Mb or more:
     R 1.2Mb
     libs 5.3Mb
Flavors: r-devel-linux-x86_64-fedora-clang, r-devel-linux-x86_64-fedora-gcc, r-release-osx-x86_64, r-oldrel-osx-x86_64