CRAN Package Check Results for Package mirt

Last updated on 2017-01-22 23:48:30.

Flavor Version Tinstall Tcheck Ttotal Status Flags
r-devel-linux-x86_64-debian-clang 1.21 50.31 86.12 136.44 OK
r-devel-linux-x86_64-debian-gcc 1.21 53.12 85.50 138.62 OK
r-devel-linux-x86_64-fedora-clang 1.21 261.29 OK --no-stop-on-test-error
r-devel-linux-x86_64-fedora-gcc 1.21 257.94 NOTE --no-stop-on-test-error
r-devel-macos-x86_64-clang 1.21 206.34 OK --no-stop-on-test-error
r-devel-windows-ix86+x86_64 1.21 118.00 169.00 287.00 OK
r-patched-linux-x86_64 1.21 45.03 85.18 130.21 OK
r-patched-solaris-sparc 1.21 1446.00 OK
r-patched-solaris-x86 1.21 270.10 OK
r-release-linux-x86_64 1.21 44.31 83.57 127.88 OK
r-release-osx-x86_64-mavericks 1.21 OK
r-release-windows-ix86+x86_64 1.21 240.00 201.00 441.00 OK
r-oldrel-windows-ix86+x86_64 1.21 193.00 298.00 491.00 OK

Check Details

Version: 1.21
Flags: --no-stop-on-test-error
Check: installed package size
Result: NOTE
     installed size is 5.3Mb
     sub-directories of 1Mb or more:
     R 1.2Mb
     libs 3.7Mb
Flavor: r-devel-linux-x86_64-fedora-gcc