CRAN Package Check Results for Package mirt

Last updated on 2016-08-29 03:47:04.

Flavor Version Tinstall Tcheck Ttotal Status Flags
r-devel-linux-x86_64-debian-clang 1.19 48.70 90.54 139.24 OK
r-devel-linux-x86_64-debian-gcc 1.19 49.48 86.36 135.85 NOTE
r-devel-linux-x86_64-fedora-clang 1.19 259.52 OK
r-devel-linux-x86_64-fedora-gcc 1.19 254.53 NOTE
r-devel-osx-x86_64-clang 1.19 202.46 OK
r-devel-windows-ix86+x86_64 1.19 164.00 197.00 361.00 OK
r-patched-linux-x86_64 1.19 45.28 84.97 130.25 OK
r-patched-solaris-sparc 1.19 1474.30 OK
r-patched-solaris-x86 1.19 271.80 OK
r-release-linux-x86_64 1.19 45.46 89.13 134.58 OK
r-release-osx-x86_64-mavericks 1.19 OK
r-release-windows-ix86+x86_64 1.19 222.00 192.00 414.00 OK
r-oldrel-windows-ix86+x86_64 1.19 164.00 207.00 371.00 OK

Check Details

Version: 1.19
Check: installed package size
Result: NOTE
     installed size is 5.0Mb
     sub-directories of 1Mb or more:
     libs 3.6Mb
Flavors: r-devel-linux-x86_64-debian-gcc, r-devel-linux-x86_64-fedora-gcc