CRAN Package Check Results for Package mirt

Last updated on 2014-09-21 03:49:06.

Flavor Version Tinstall Tcheck Ttotal Status Flags
r-devel-linux-x86_64-debian-clang 1.5 27.28 49.70 76.98 NOTE
r-devel-linux-x86_64-debian-gcc 1.5 30.85 47.98 78.83 NOTE
r-devel-linux-x86_64-fedora-clang 1.5 85.75 NOTE
r-devel-linux-x86_64-fedora-gcc 1.5 82.63 NOTE
r-devel-osx-x86_64-clang 1.5 121.91 NOTE
r-devel-windows-ix86+x86_64 1.5 81.00 78.00 159.00 NOTE
r-patched-linux-x86_64 1.5 32.40 52.68 85.08 OK
r-patched-solaris-sparc 1.5 901.80 NOTE
r-patched-solaris-x86 1.5 181.30 NOTE
r-release-linux-ix86 1.5 39.60 65.88 105.48 OK
r-release-linux-x86_64 1.5 32.59 54.54 87.13 OK
r-release-osx-x86_64-mavericks 1.5 OK
r-release-osx-x86_64-snowleopard 1.5 OK
r-release-windows-ix86+x86_64 1.5 77.00 92.00 169.00 OK
r-oldrel-windows-ix86+x86_64 1.5 87.00 90.00 177.00 OK

Check Details

Version: 1.5
Check: package dependencies
Result: NOTE
    Package suggested but not available for checking: ‘plink’
Flavors: r-devel-linux-x86_64-debian-clang, r-devel-linux-x86_64-debian-gcc, r-devel-linux-x86_64-fedora-clang, r-devel-linux-x86_64-fedora-gcc, r-patched-solaris-sparc, r-patched-solaris-x86

Version: 1.5
Check: R code for possible problems
Result: NOTE
    itemplot: no visible global function definition for ‘runApp’
    itemplot.main: no visible global function definition for ‘doubleYScale’
    mirtCluster: no visible global function definition for ‘stopCluster’
    mirtCluster: no visible global function definition for ‘detectCores’
    mirtCluster: no visible global function definition for ‘makeCluster’
    read.mirt: no visible global function definition for ‘as.poly.mod’
    shinyItemplot: no visible global function definition for
     ‘pageWithSidebar’
    shinyItemplot: no visible global function definition for ‘headerPanel’
    shinyItemplot: no visible global function definition for ‘sidebarPanel’
    shinyItemplot: no visible global function definition for ‘h5’
    shinyItemplot: no visible global function definition for ‘selectInput’
    shinyItemplot: no visible global function definition for ‘numericInput’
    shinyItemplot: no visible global function definition for
     ‘checkboxInput’
    shinyItemplot: no visible global function definition for
     ‘conditionalPanel’
    shinyItemplot: no visible global function definition for ‘sliderInput’
    shinyItemplot: no visible global function definition for ‘mainPanel’
    shinyItemplot: no visible global function definition for
     ‘verbatimTextOutput’
    shinyItemplot: no visible global function definition for ‘plotOutput’
    shinyItemplot : <anonymous>: no visible global function definition for
     ‘renderPlot’
    shinyItemplot : <anonymous>: no visible global function definition for
     ‘renderPrint’
Flavors: r-devel-linux-x86_64-debian-clang, r-devel-linux-x86_64-debian-gcc, r-devel-linux-x86_64-fedora-clang, r-devel-linux-x86_64-fedora-gcc, r-devel-osx-x86_64-clang, r-devel-windows-ix86+x86_64

Version: 1.5
Check: R code for possible problems
Result: NOTE
    read.mirt: no visible global function definition for ‘as.poly.mod’
Flavors: r-patched-solaris-sparc, r-patched-solaris-x86