CRAN Package Check Results for Package mirt

Last updated on 2015-05-20 03:48:03.

Flavor Version Tinstall Tcheck Ttotal Status Flags
r-devel-linux-x86_64-debian-clang 1.9 30.70 51.49 82.19 OK
r-devel-linux-x86_64-debian-gcc 1.9 34.98 50.46 85.45 OK
r-devel-linux-x86_64-fedora-clang 1.9 161.54 OK
r-devel-linux-x86_64-fedora-gcc 1.9 157.27 OK
r-devel-osx-x86_64-clang 1.9 130.38 OK
r-devel-windows-ix86+x86_64 1.9 113.00 91.00 204.00 OK
r-patched-linux-x86_64 1.9 32.58 50.64 83.22 OK
r-patched-solaris-sparc 1.9 900.10 OK
r-patched-solaris-x86 1.9 190.60 OK
r-release-linux-x86_64 1.9 32.54 50.58 83.12 OK
r-release-osx-x86_64-mavericks 1.9 OK
r-release-osx-x86_64-snowleopard 1.9 ERROR
r-release-windows-ix86+x86_64 1.9 85.00 91.00 176.00 OK
r-oldrel-windows-ix86+x86_64 1.9 87.00 105.00 192.00 OK

Check Details

Version: 1.9
Check: package dependencies
Result: ERROR
    Packages suggested but not available for checking:
     ‘latticeExtra’ ‘directlabels’ ‘knitr’ ‘sirt’ ‘mirtCAT’
    
    VignetteBuilder package required for checking but not installed: ‘knitr’
    
    See section ‘The DESCRIPTION file’ in the ‘Writing R Extensions’
    manual.
Flavor: r-release-osx-x86_64-snowleopard