CRAN Package Check Results for Package mirt

Last updated on 2015-02-01 03:49:25.

Flavor Version Tinstall Tcheck Ttotal Status Flags
r-devel-linux-x86_64-debian-clang 1.8 25.72 49.63 75.35 OK
r-devel-linux-x86_64-debian-gcc 1.8 30.88 51.88 82.76 OK
r-devel-linux-x86_64-fedora-clang 1.8 167.82 OK
r-devel-linux-x86_64-fedora-gcc 1.8 145.95 OK
r-devel-osx-x86_64-clang 1.8 151.19 NOTE
r-devel-windows-ix86+x86_64 1.8 113.00 79.00 192.00 OK
r-patched-linux-x86_64 1.8 33.57 56.42 89.99 OK
r-patched-solaris-sparc 1.8 955.90 OK
r-patched-solaris-x86 1.8 180.50 OK
r-release-linux-ix86 1.8 40.14 67.65 107.79 OK
r-release-linux-x86_64 1.8 33.88 55.28 89.16 OK
r-release-osx-x86_64-mavericks 1.8 OK
r-release-osx-x86_64-snowleopard 1.8 OK
r-release-windows-ix86+x86_64 1.8 84.00 101.00 185.00 OK
r-oldrel-windows-ix86+x86_64 1.8 87.00 111.00 198.00 OK

Check Details

Version: 1.8
Check: package dependencies
Result: NOTE
    Package suggested but not available for checking: ‘mirtCAT’
Flavor: r-devel-osx-x86_64-clang