CRAN Package Check Results for Package mirt

Last updated on 2017-06-27 15:48:51.

Flavor Version Tinstall Tcheck Ttotal Status Flags
r-devel-linux-x86_64-debian-clang 1.24 52.77 89.37 142.14 OK
r-devel-linux-x86_64-debian-gcc 1.24 57.68 86.93 144.60 OK
r-devel-linux-x86_64-fedora-clang 1.24 286.29 OK
r-devel-linux-x86_64-fedora-gcc 1.24 285.99 NOTE
r-devel-windows-ix86+x86_64 1.24 182.00 216.00 398.00 OK
r-patched-linux-x86_64 1.24 58.53 89.43 147.96 OK
r-patched-solaris-sparc 1.24 1481.00 OK
r-patched-solaris-x86 1.24 298.70 OK
r-release-linux-x86_64 1.24 55.74 89.75 145.49 OK
r-release-windows-ix86+x86_64 1.24 133.00 233.00 366.00 OK
r-release-osx-x86_64 1.24 OK
r-oldrel-windows-ix86+x86_64 1.24 173.00 209.00 382.00 OK
r-oldrel-osx-x86_64 1.24 OK

Check Details

Version: 1.24
Check: installed package size
Result: NOTE
     installed size is 5.8Mb
     sub-directories of 1Mb or more:
     R 1.2Mb
     libs 4.1Mb
Flavor: r-devel-linux-x86_64-fedora-gcc