CRAN Package Check Results for Package mirt

Last updated on 2017-08-17 15:47:58.

Flavor Version Tinstall Tcheck Ttotal Status Flags
r-devel-linux-x86_64-debian-clang 1.25 51.68 89.80 141.49 OK
r-devel-linux-x86_64-debian-gcc 1.25 57.07 88.38 145.44 OK
r-devel-linux-x86_64-fedora-clang 1.25 282.44 OK
r-devel-linux-x86_64-fedora-gcc 1.25 283.08 NOTE
r-devel-windows-ix86+x86_64 1.25 141.00 157.00 298.00 OK
r-patched-linux-x86_64 1.25 57.02 91.20 148.21 OK
r-patched-solaris-x86 1.25 305.90 OK
r-release-linux-x86_64 1.25 56.12 92.35 148.48 OK
r-release-windows-ix86+x86_64 1.25 135.00 172.00 307.00 OK
r-release-osx-x86_64 1.25 OK
r-oldrel-windows-ix86+x86_64 1.25 127.00 145.00 272.00 OK
r-oldrel-osx-x86_64 1.25 OK

Check Details

Version: 1.25
Check: installed package size
Result: NOTE
     installed size is 5.9Mb
     sub-directories of 1Mb or more:
     R 1.2Mb
     libs 4.1Mb
Flavor: r-devel-linux-x86_64-fedora-gcc