CRAN Package Check Results for Package mirt

Last updated on 2015-07-26 03:48:16.

Flavor Version Tinstall Tcheck Ttotal Status Flags
r-devel-linux-x86_64-debian-clang 1.10 31.36 77.81 109.17 NOTE
r-devel-linux-x86_64-debian-gcc 1.10 34.32 76.19 110.51 NOTE
r-devel-linux-x86_64-fedora-clang 1.10 217.12 NOTE
r-devel-linux-x86_64-fedora-gcc 1.10 208.14 NOTE
r-devel-osx-x86_64-clang 1.10 158.54 NOTE
r-devel-windows-ix86+x86_64 1.10 92.00 189.00 281.00 NOTE
r-patched-linux-x86_64 1.10 37.24 77.68 114.92 NOTE
r-patched-solaris-sparc 1.10 1330.00 NOTE
r-patched-solaris-x86 1.10 254.20 NOTE
r-release-linux-x86_64 1.10 35.33 75.81 111.14 NOTE
r-release-osx-x86_64-mavericks 1.10 OK
r-release-windows-ix86+x86_64 1.10 117.00 138.00 255.00 NOTE
r-oldrel-windows-ix86+x86_64 1.10 91.00 160.00 251.00 NOTE

Check Details

Version: 1.10
Check: R code for possible problems
Result: NOTE
    BL.LL: no visible global function definition for ‘dnorm’
    DTF: no visible global function definition for ‘sd’
    DTF: no visible global function definition for ‘pt’
    EAPsum : collapseTotals: no visible global function definition for
     ‘na.omit’
    EAPsum: no visible binding for global variable ‘var’
    EAPsum: no visible global function definition for ‘pchisq’
    EM.group: no visible global function definition for ‘dnorm’
    EM.group: no visible global function definition for ‘optim’
    EM.group: no visible global function definition for ‘na.omit’
    ESTIMATION : <anonymous>: no visible global function definition for
     ‘na.omit’
    ESTIMATION: no visible global function definition for ‘flush.console’
    ESTIMATION: no visible global function definition for ‘pchisq’
    LL.Priors: no visible global function definition for ‘dnorm’
    LL.Priors: no visible global function definition for ‘dlnorm’
    LL.Priors: no visible global function definition for ‘dbeta’
    Lambdas: no visible global function definition for ‘qnorm’
    M2: no visible global function definition for ‘pchisq’
    M2: no visible global function definition for ‘cov2cor’
    MC_quad: no visible global function definition for ‘runif’
    MHRM.group: no visible global function definition for ‘cov’
    Mstep: no visible global function definition for ‘optim’
    Mstep: no visible global function definition for ‘nlminb’
    Mstep: no visible global function definition for ‘nlm’
    PLCI.mirt : LLpar: no visible global function definition for ‘optimize’
    PLCI.mirt : LLpar: no visible global function definition for ‘optim’
    PLCI.mirt: no visible global function definition for ‘qchisq’
    PrepData: no visible global function definition for ‘na.omit’
    QMC_quad: no visible global function definition for ‘qnorm’
    RMSEA.CI : lower.lambda: no visible global function definition for
     ‘pchisq’
    RMSEA.CI : upper.lambda: no visible global function definition for
     ‘pchisq’
    RMSEA.CI: no visible global function definition for ‘uniroot’
    Rotate : mypromax: no visible global function definition for ‘varimax’
    Rotate : mypromax: no visible global function definition for ‘lm.fit’
    SE.Fisher: no visible global function definition for ‘na.omit’
    SE.SEM: no visible global function definition for ‘dnorm’
    UpdateConstrain: no visible global function definition for ‘na.omit’
    antilogit: no visible global function definition for ‘plogis’
    averageMI: no visible global function definition for ‘pt’
    bfactor: no visible global function definition for ‘na.omit’
    bfactor2mod: no visible global function definition for ‘na.omit’
    collapseCells: no visible global function definition for ‘na.omit’
    cormod: no visible global function definition for ‘cor’
    draw.thetas: no visible global function definition for ‘runif’
    imputeMissing : <anonymous>: no visible global function definition for
     ‘na.omit’
    imputeMissing: no visible global function definition for ‘na.omit’
    itemGAM: no visible global function definition for ‘qnorm’
    itemGAM: no visible global function definition for ‘model.matrix’
    itemGAM: no visible binding for global variable ‘binomial’
    itemGAM: no visible global function definition for ‘predict’
    itemGAM: no visible global function definition for ‘plogis’
    itemfit: no visible global function definition for ‘dnorm’
    itemfit : p.L: no visible global function definition for ‘qbeta’
    itemfit : p.U: no visible global function definition for ‘qbeta’
    itemfit: no visible global function definition for ‘reshape’
    itemfit : <anonymous>: no visible global function definition for
     ‘na.omit’
    itemfit: no visible global function definition for ‘pchisq’
    itemplot.main: no visible global function definition for ‘reshape’
    itemplot.main : <anonymous>: no visible global function definition for
     ‘grey’
    itemplot.main: no visible binding for global variable ‘time’
    logit: no visible global function definition for ‘qlogis’
    make.lrdesign: no visible global function definition for ‘model.matrix’
    make.randomdesign: no visible global function definition for
     ‘model.frame’
    make.randomdesign: no visible global function definition for
     ‘as.formula’
    make.randomdesign: no visible global function definition for
     ‘model.matrix’
    maketabData: no visible global function definition for ‘na.omit’
    marginal_rxx: no visible binding for global variable ‘dnorm’
    mirt.model: no visible global function definition for ‘write.table’
    mirt_dmvnorm: no visible global function definition for ‘mahalanobis’
    mirt_rmvnorm: no visible global function definition for ‘rnorm’
    mixedmirt: no visible global function definition for ‘reshape’
    mixedmirt: no visible global function definition for ‘model.frame’
    mixedmirt: no visible global function definition for ‘model.matrix’
    mixedmirt : <anonymous>: no visible global function definition for
     ‘na.omit’
    model.elements: no visible global function definition for ‘qnorm’
    model.elements : <anonymous>: no visible global function definition for
     ‘qlogis’
    simdata: no visible global function definition for ‘na.omit’
    wald: no visible global function definition for ‘pchisq’
    DrawValues,RandomPars-matrix: no visible global function definition for
     ‘runif’
    GenRandomPars,dich: no visible global function definition for ‘rlnorm’
    GenRandomPars,dich: no visible global function definition for ‘rnorm’
    GenRandomPars,experimental: no visible global function definition for
     ‘rlnorm’
    GenRandomPars,experimental: no visible global function definition for
     ‘rnorm’
    GenRandomPars,gpcm: no visible global function definition for ‘rlnorm’
    GenRandomPars,gpcm: no visible global function definition for ‘rnorm’
    GenRandomPars,graded: no visible global function definition for
     ‘rlnorm’
    GenRandomPars,graded: no visible global function definition for ‘rnorm’
    GenRandomPars,ideal: no visible global function definition for ‘rlnorm’
    GenRandomPars,lca: no visible global function definition for ‘rnorm’
    GenRandomPars,nestlogit: no visible global function definition for
     ‘rlnorm’
    GenRandomPars,nestlogit: no visible global function definition for
     ‘rnorm’
    GenRandomPars,nominal: no visible global function definition for
     ‘rlnorm’
    GenRandomPars,nominal: no visible global function definition for
     ‘rnorm’
    GenRandomPars,partcomp: no visible global function definition for
     ‘rlnorm’
    GenRandomPars,partcomp: no visible global function definition for
     ‘rnorm’
    GenRandomPars,rating: no visible global function definition for
     ‘rlnorm’
    GenRandomPars,rating: no visible global function definition for ‘rnorm’
    GenRandomPars,rsm: no visible global function definition for ‘rlnorm’
    GenRandomPars,rsm: no visible global function definition for ‘rnorm’
    anova,SingleGroupClass: no visible global function definition for
     ‘pchisq’
    calcLogLik,SingleGroupClass: no visible global function definition for
     ‘var’
    coef,MixedClass: no visible global function definition for ‘qnorm’
    coef,SingleGroupClass: no visible global function definition for
     ‘qnorm’
    fscores.internal,SingleGroupClass : MAP: no visible global function
     definition for ‘nlm’
    fscores.internal,SingleGroupClass : ML: no visible global function
     definition for ‘nlm’
    fscores.internal,SingleGroupClass : WLE: no visible global function
     definition for ‘nlm’
    fscores.internal,SingleGroupClass: no visible global function
     definition for ‘na.omit’
    fscores.internal,SingleGroupClass: no visible global function
     definition for ‘var’
    itemplot.internal,MultipleGroupClass: no visible binding for global
     variable ‘group’
    plot,DiscreteClass-missing: no visible binding for global variable
     ‘item’
    plot,MultipleGroupClass-missing: no visible binding for global variable
     ‘group’
    plot,MultipleGroupClass-missing: no visible binding for global variable
     ‘item’
    plot,MultipleGroupClass-missing: no visible global function definition
     for ‘na.omit’
    plot,SingleGroupClass-missing: no visible global function definition
     for ‘symbols’
    plot,SingleGroupClass-missing : bs_range: no visible global function
     definition for ‘median’
    plot,SingleGroupClass-missing : <anonymous>: no visible global function
     definition for ‘grey’
    plot,SingleGroupClass-missing: no visible global function definition
     for ‘doubleYScale’
    plot,SingleGroupClass-missing: no visible binding for global variable
     ‘item’
    plot,SingleGroupClass-missing: no visible global function definition
     for ‘na.omit’
    print,DiscreteClass: no visible global function definition for
     ‘packageVersion’
    print,SingleGroupClass: no visible global function definition for
     ‘packageVersion’
    residuals,SingleGroupClass: no visible global function definition for
     ‘pchisq’
    residuals,SingleGroupClass: no visible global function definition for
     ‘na.omit’
    residuals,SingleGroupClass: no visible global function definition for
     ‘cor’
    summary,MixedClass: no visible global function definition for ‘cov2cor’
    summary,SingleGroupClass: no visible global function definition for
     ‘cov2cor’
    Undefined global functions or variables:
     as.formula binomial cor cov cov2cor dbeta dlnorm dnorm doubleYScale
     flush.console grey group item lm.fit mahalanobis median model.frame
     model.matrix na.omit nlm nlminb optim optimize packageVersion pchisq
     plogis predict pt qbeta qchisq qlogis qnorm reshape rlnorm rnorm
     runif sd symbols time uniroot var varimax write.table
    Consider adding
     importFrom("grDevices", "grey")
     importFrom("graphics", "symbols")
     importFrom("stats", "as.formula", "binomial", "cor", "cov", "cov2cor",
     "dbeta", "dlnorm", "dnorm", "lm.fit", "mahalanobis",
     "median", "model.frame", "model.matrix", "na.omit", "nlm",
     "nlminb", "optim", "optimize", "pchisq", "plogis",
     "predict", "pt", "qbeta", "qchisq", "qlogis", "qnorm",
     "reshape", "rlnorm", "rnorm", "runif", "sd", "time",
     "uniroot", "var", "varimax")
     importFrom("utils", "flush.console", "packageVersion", "write.table")
    to your NAMESPACE.
Flavors: r-devel-linux-x86_64-debian-clang, r-devel-linux-x86_64-debian-gcc, r-devel-linux-x86_64-fedora-clang, r-devel-linux-x86_64-fedora-gcc, r-devel-windows-ix86+x86_64

Version: 1.10
Check: R code for possible problems
Result: NOTE
    itemplot.internal,MultipleGroupClass: no visible binding for global
     variable ‘group’
    plot,DiscreteClass-missing: no visible binding for global variable
     ‘item’
    plot,MultipleGroupClass-missing: no visible binding for global variable
     ‘group’
    plot,MultipleGroupClass-missing: no visible binding for global variable
     ‘item’
    plot,SingleGroupClass-missing: no visible global function definition
     for ‘doubleYScale’
    plot,SingleGroupClass-missing: no visible binding for global variable
     ‘item’
    Undefined global functions or variables:
     doubleYScale group item
Flavor: r-devel-osx-x86_64-clang

Version: 1.10
Check: R code for possible problems
Result: NOTE
    itemplot.internal,MultipleGroupClass : .local: no visible binding for
     global variable ‘group’
    plot,DiscreteClass-missing : .local: no visible binding for global
     variable ‘item’
    plot,MultipleGroupClass-missing : .local: no visible binding for global
     variable ‘group’
    plot,MultipleGroupClass-missing : .local: no visible binding for global
     variable ‘item’
    plot,SingleGroupClass-missing : .local: no visible global function
     definition for ‘doubleYScale’
    plot,SingleGroupClass-missing : .local: no visible binding for global
     variable ‘item’
Flavors: r-patched-linux-x86_64, r-patched-solaris-sparc, r-patched-solaris-x86, r-release-linux-x86_64, r-release-windows-ix86+x86_64, r-oldrel-windows-ix86+x86_64