CRAN Package Check Results for Package mirt

Last updated on 2017-04-23 15:48:30.

Flavor Version Tinstall Tcheck Ttotal Status Flags
r-devel-linux-x86_64-debian-clang 1.23 51.62 89.88 141.51 OK
r-devel-linux-x86_64-debian-gcc 1.23 53.06 89.87 142.93 OK
r-devel-linux-x86_64-fedora-clang 1.23 287.33 OK --no-stop-on-test-error
r-devel-linux-x86_64-fedora-gcc 1.23 277.53 NOTE --no-stop-on-test-error
r-devel-windows-ix86+x86_64 1.23 170.00 226.00 396.00 OK
r-patched-linux-x86_64 1.23 47.84 87.39 135.22 OK
r-patched-solaris-sparc 1.23 1551.00 OK
r-patched-solaris-x86 1.23 289.50 OK
r-release-linux-x86_64 1.23 48.19 89.93 138.12 OK
r-release-windows-ix86+x86_64 1.23 129.00 173.00 302.00 OK
r-release-osx-x86_64 1.23 OK
r-oldrel-windows-ix86+x86_64 1.23 125.00 162.00 287.00 OK
r-oldrel-osx-x86_64 1.23 OK

Check Details

Version: 1.23
Flags: --no-stop-on-test-error
Check: installed package size
Result: NOTE
     installed size is 5.4Mb
     sub-directories of 1Mb or more:
     R 1.2Mb
     libs 3.7Mb
Flavor: r-devel-linux-x86_64-fedora-gcc