CRAN Package Check Results for Package mirt

Last updated on 2014-08-31 02:48:07.

Flavor Version Tinstall Tcheck Ttotal Status Flags
r-devel-linux-x86_64-debian-clang 1.5 25.04 48.68 73.72 NOTE
r-devel-linux-x86_64-debian-gcc 1.5 30.43 48.18 78.62 NOTE
r-devel-linux-x86_64-fedora-clang 1.5 161.11 NOTE
r-devel-linux-x86_64-fedora-gcc 1.5 153.85 NOTE
r-devel-osx-x86_64-clang 1.5 120.06 NOTE
r-devel-windows-ix86+x86_64 1.5 75.00 82.00 157.00 NOTE
r-patched-linux-x86_64 1.5 31.96 51.45 83.41 OK
r-patched-solaris-sparc 1.5 903.60 OK
r-patched-solaris-x86 1.5 200.00 OK
r-release-linux-ix86 1.5 39.48 65.50 104.97 OK
r-release-linux-x86_64 1.5 33.76 52.13 85.89 OK
r-release-osx-x86_64-mavericks 1.5 OK
r-release-osx-x86_64-snowleopard 1.5 OK
r-release-windows-ix86+x86_64 1.5 79.00 90.00 169.00 OK
r-oldrel-windows-ix86+x86_64 1.5 104.00 91.00 195.00 OK

Check Details

Version: 1.5
Check: R code for possible problems
Result: NOTE
    itemplot: no visible global function definition for ‘runApp’
    itemplot.main: no visible global function definition for ‘doubleYScale’
    mirtCluster: no visible global function definition for ‘stopCluster’
    mirtCluster: no visible global function definition for ‘detectCores’
    mirtCluster: no visible global function definition for ‘makeCluster’
    read.mirt: no visible global function definition for ‘as.poly.mod’
    shinyItemplot: no visible global function definition for
     ‘pageWithSidebar’
    shinyItemplot: no visible global function definition for ‘headerPanel’
    shinyItemplot: no visible global function definition for ‘sidebarPanel’
    shinyItemplot: no visible global function definition for ‘h5’
    shinyItemplot: no visible global function definition for ‘selectInput’
    shinyItemplot: no visible global function definition for ‘numericInput’
    shinyItemplot: no visible global function definition for
     ‘checkboxInput’
    shinyItemplot: no visible global function definition for
     ‘conditionalPanel’
    shinyItemplot: no visible global function definition for ‘sliderInput’
    shinyItemplot: no visible global function definition for ‘mainPanel’
    shinyItemplot: no visible global function definition for
     ‘verbatimTextOutput’
    shinyItemplot: no visible global function definition for ‘plotOutput’
    shinyItemplot : <anonymous>: no visible global function definition for
     ‘renderPlot’
    shinyItemplot : <anonymous>: no visible global function definition for
     ‘renderPrint’
Flavors: r-devel-linux-x86_64-debian-clang, r-devel-linux-x86_64-debian-gcc, r-devel-linux-x86_64-fedora-clang, r-devel-linux-x86_64-fedora-gcc, r-devel-osx-x86_64-clang, r-devel-windows-ix86+x86_64