CRAN Package Check Results for Package mirt

Last updated on 2017-10-23 03:50:33.

Flavor Version Tinstall Tcheck Ttotal Status Flags
r-devel-linux-x86_64-debian-clang 1.25 53.26 92.48 145.74 OK
r-devel-linux-x86_64-debian-gcc 1.25 62.92 91.66 154.58 OK
r-devel-linux-x86_64-fedora-clang 1.25 293.22 OK
r-devel-linux-x86_64-fedora-gcc 1.25 299.02 NOTE
r-devel-windows-ix86+x86_64 1.25 174.00 176.00 350.00 OK
r-patched-linux-x86_64 1.25 58.88 92.92 151.80 OK
r-patched-solaris-x86 1.25 325.40 OK
r-release-linux-x86_64 1.25 57.81 92.31 150.12 OK
r-release-windows-ix86+x86_64 1.25 182.00 170.00 352.00 OK
r-release-osx-x86_64 1.25 OK
r-oldrel-windows-ix86+x86_64 1.25 129.00 158.00 287.00 OK
r-oldrel-osx-x86_64 1.25 OK

Check Details

Version: 1.25
Check: installed package size
Result: NOTE
     installed size is 5.9Mb
     sub-directories of 1Mb or more:
     R 1.2Mb
     libs 4.1Mb
Flavor: r-devel-linux-x86_64-fedora-gcc