CRAN Package Check Results for Package mirt

Last updated on 2014-04-20 03:47:31.

Flavor Version Tinstall Tcheck Ttotal Status Flags
r-devel-linux-x86_64-debian-clang 1.2.1 26.26 50.31 76.57 OK
r-devel-linux-x86_64-debian-gcc 1.2.1 29.63 51.11 80.74 OK
r-devel-linux-x86_64-fedora-clang 1.2.1 157.40 OK
r-devel-linux-x86_64-fedora-gcc 1.2.1 154.74 OK
r-devel-macosx-x86_64-clang 1.2.1 112.13 OK
r-devel-macosx-x86_64-gcc 1.2.1 NOTE
r-devel-windows-ix86+x86_64 1.2.1 84.00 84.00 168.00 OK
r-patched-linux-x86_64 1.2.1 29.72 52.16 81.88 OK
r-patched-solaris-sparc 1.2.1 900.40 OK
r-patched-solaris-x86 1.2.1 182.70 OK
r-release-linux-ix86 OK
r-release-linux-x86_64 1.2.1 29.28 50.94 80.22 OK
r-release-macosx-x86_64 1.2.1 OK
r-release-windows-ix86+x86_64 1.2.1 109.00 85.00 194.00 OK
r-oldrel-windows-ix86+x86_64 1.2.1 79.00 87.00 166.00 OK

Check Details

Version: 1.2.1
Check: package dependencies
Result: NOTE
    Packages suggested but not available for checking:
     ‘testthat’ ‘latticeExtra’ ‘shiny’
Flavor: r-devel-macosx-x86_64-gcc

Version: 1.2.1
Check: R code for possible problems
Result: NOTE
    itemplot: no visible global function definition for ‘runApp’
    itemplot.main: no visible global function definition for ‘doubleYScale’
    shinyItemplot: no visible global function definition for
     ‘pageWithSidebar’
    shinyItemplot: no visible global function definition for ‘headerPanel’
    shinyItemplot: no visible global function definition for ‘sidebarPanel’
    shinyItemplot: no visible global function definition for ‘h5’
    shinyItemplot: no visible global function definition for ‘selectInput’
    shinyItemplot: no visible global function definition for ‘h6’
    shinyItemplot: no visible global function definition for
     ‘checkboxInput’
    shinyItemplot: no visible global function definition for
     ‘conditionalPanel’
    shinyItemplot: no visible global function definition for ‘sliderInput’
    shinyItemplot: no visible global function definition for ‘mainPanel’
    shinyItemplot: no visible global function definition for
     ‘verbatimTextOutput’
    shinyItemplot: no visible global function definition for ‘plotOutput’
    shinyItemplot : <anonymous>: no visible global function definition for
     ‘renderPlot’
    shinyItemplot : <anonymous>: no visible global function definition for
     ‘renderPrint’
Flavor: r-devel-macosx-x86_64-gcc