CRAN Package Check Results for Package baseline

Last updated on 2015-07-05 03:47:16.

Flavor Version Tinstall Tcheck Ttotal Status Flags
r-devel-linux-x86_64-debian-clang 1.2-0 2.15 31.24 33.39 NOTE
r-devel-linux-x86_64-debian-gcc 1.2-0 2.89 31.80 34.69 NOTE
r-devel-linux-x86_64-fedora-clang 1.2-0 63.65 NOTE
r-devel-linux-x86_64-fedora-gcc 1.2-0 60.82 NOTE
r-devel-osx-x86_64-clang 1.2-0 61.18 OK
r-devel-windows-ix86+x86_64 1.2-0 5.00 48.00 53.00 NOTE
r-patched-linux-x86_64 1.2-0 2.19 32.38 34.57 OK
r-patched-solaris-sparc 1.2-0 431.70 OK
r-patched-solaris-x86 1.2-0 89.70 OK
r-release-linux-x86_64 1.2-0 2.23 31.19 33.42 OK
r-release-osx-x86_64-mavericks 1.2-0 OK
r-release-windows-ix86+x86_64 1.2-0 10.00 49.00 59.00 OK
r-oldrel-windows-ix86+x86_64 1.2-0 10.00 54.00 64.00 OK

Check Details

Version: 1.2-0
Check: R code for possible problems
Result: NOTE
    .mixedup: no visible global function definition for ‘median’
    .peakRemoval: no visible global function definition for ‘median’
    baseline: no visible global function definition for ‘new’
    baseline.fillPeaks: no visible global function definition for ‘approx’
    baseline.irls: no visible global function definition for ‘sd’
    baseline.lowpass: no visible global function definition for ‘mvfft’
    baseline.medianWindow: no visible global function definition for
     ‘runmed’
    baseline.medianWindow: no visible global function definition for
     ‘dnorm’
    baseline.peakDetection: no visible global function definition for
     ‘median’
    baseline.rfbaseline : <anonymous>: no visible global function
     definition for ‘median’
    baselineGUI : clearPlot: no visible global function definition for
     ‘par’
    baselineGUI : clearPlot: no visible global function definition for
     ‘rect’
    baselineGUI : clearPlot: no visible global function definition for
     ‘text’
    custom.baseline: no visible global function definition for ‘approx’
    custom.baseline: no visible global function definition for ‘par’
    custom.baseline: no visible global function definition for ‘matplot’
    custom.baseline: no visible global function definition for ‘lowess’
    mvrValstats: no visible global function definition for ‘fitted’
    mvrValstats: no visible global function definition for ‘model.frame’
    mvrValstats: no visible global function definition for ‘napredict’
    mvrValstats: no visible global function definition for ‘residuals’
    mvrValstats: no visible global function definition for ‘predict’
    mvrValstats: no visible binding for global variable ‘var’
    mvrValstats: no visible global function definition for ‘formula’
    optimWizard : <anonymous>: no visible global function definition for
     ‘new’
    optimWizard : <anonymous> : <anonymous>: no visible global function
     definition for ‘median’
    plotBaseline: no visible global function definition for ‘par’
    plotBaseline: no visible global function definition for ‘lines’
    plotBaseline: no visible global function definition for ‘axTicks’
    plotBaseline: no visible global function definition for ‘axis’
    plotOptim : addAlg : <anonymous>: no visible global function definition
     for ‘axis’
    plotOptim : addAlg : <anonymous>: no visible global function definition
     for ‘box’
    plotOptim : addAlg : <anonymous>: no visible global function definition
     for ‘lines’
    plotOptim : addAlg : <anonymous>: no visible global function definition
     for ‘legend’
    plotOptim : addAlg : <anonymous> : Gray: no visible global function
     definition for ‘gray’
    plotOptim : <anonymous>: no visible global function definition for
     ‘legend’
    plotOptim : <anonymous>: no visible global function definition for
     ‘lines’
    plot,baseline: no visible global function definition for ‘dev.list’
    plot,baseline: no visible global function definition for ‘dev.new’
    plot,baseline: no visible global function definition for ‘dev.cur’
    plot,baseline : updatePlot: no visible global function definition for
     ‘dev.cur’
    plot,baseline : updatePlot: no visible global function definition for
     ‘dev.set’
    runTest,PLSRTest: no visible global function definition for ‘new’
    runTest,baselineAlgTest: no visible global function definition for
     ‘new’
    runTest,ridgeRegressionTest: no visible global function definition for
     ‘new’
    Undefined global functions or variables:
     approx axTicks axis box dev.cur dev.list dev.new dev.set dnorm fitted
     formula gray legend lines lowess matplot median model.frame mvfft
     napredict new par predict rect residuals runmed sd text var
Flavors: r-devel-linux-x86_64-debian-clang, r-devel-linux-x86_64-debian-gcc, r-devel-linux-x86_64-fedora-clang, r-devel-linux-x86_64-fedora-gcc, r-devel-windows-ix86+x86_64