CRAN Package Check Results for Package baseline

Last updated on 2014-10-22 03:47:59.

Flavor Version Tinstall Tcheck Ttotal Status Flags
r-devel-linux-x86_64-debian-clang 1.1-3 2.39 34.78 37.18 NOTE
r-devel-linux-x86_64-debian-gcc 1.1-3 2.38 34.43 36.81 NOTE
r-devel-linux-x86_64-fedora-clang 1.1-3 72.65 NOTE
r-devel-linux-x86_64-fedora-gcc 1.1-3 72.26 NOTE
r-devel-osx-x86_64-clang 1.1-3 70.08 NOTE
r-devel-windows-ix86+x86_64 1.1-3 6.00 43.00 49.00 NOTE
r-patched-linux-x86_64 1.1-3 2.45 34.03 36.48 NOTE
r-patched-solaris-sparc 1.1-3 438.80 NOTE
r-patched-solaris-x86 1.1-3 97.20 NOTE
r-release-linux-ix86 1.1-3 3.53 48.44 51.97 OK
r-release-linux-x86_64 1.1-3 2.35 34.80 37.16 OK
r-release-osx-x86_64-mavericks 1.1-3 OK
r-release-osx-x86_64-snowleopard 1.1-3 OK
r-release-windows-ix86+x86_64 1.1-3 6.00 51.00 57.00 OK
r-oldrel-windows-ix86+x86_64 1.1-3 6.00 51.00 57.00 OK

Check Details

Version: 1.1-3
Check: R code for possible problems
Result: NOTE
    baseline.rfbaseline: no visible global function definition for
     ‘rfbaseline’
    baselineGUI : zoomControl: no visible global function definition for
     ‘gslider’
    baselineGUI : zoomControl : <anonymous>: no visible global function
     definition for ‘svalue’
    baselineGUI : zoomControl: no visible global function definition for
     ‘gbutton’
    baselineGUI : zoomControl : <anonymous>: no visible global function
     definition for ‘svalue<-’
    baselineGUI : zoomControl: no visible global function definition for
     ‘gcheckbox’
    baselineGUI : zoomControl: no visible global function definition for
     ‘gwindow’
    baselineGUI : zoomControl: no visible global function definition for
     ‘ggroup’
    baselineGUI : zoomControl: no visible global function definition for
     ‘gframe’
    baselineGUI : zoomControl: no visible global function definition for
     ‘add’
    baselineGUI : zoomControl: no visible global function definition for
     ‘addSpace’
    baselineGUI : zoomControl: no visible global function definition for
     ‘addhandlerdestroy’
    baselineGUI : exportControl: no visible global function definition for
     ‘gedit’
    baselineGUI : exportControl: no visible global function definition for
     ‘gbutton’
    baselineGUI : exportControl : <anonymous>: no visible global function
     definition for ‘svalue’
    baselineGUI : exportControl : <anonymous>: no visible global function
     definition for ‘dispose’
    baselineGUI : exportControl: no visible global function definition for
     ‘gwindow’
    baselineGUI : exportControl: no visible global function definition for
     ‘ggroup’
    baselineGUI : exportControl: no visible global function definition for
     ‘gframe’
    baselineGUI : exportControl: no visible global function definition for
     ‘add’
    baselineGUI : exportControl: no visible global function definition for
     ‘addhandlerdestroy’
    baselineGUI : parameterControl : saveParameters: no visible global
     function definition for ‘svalue’
    baselineGUI : parameterControl : saveParameters: no visible global
     function definition for ‘delete’
    baselineGUI : parameterControl : saveParameters: no visible global
     function definition for ‘dispose’
    baselineGUI : parameterControl : addParameterGroup: no visible global
     function definition for ‘gedit’
    baselineGUI : parameterControl : addParameterGroup: no visible global
     function definition for ‘glabel’
    baselineGUI : parameterControl : addParameterGroup: no visible global
     function definition for ‘size<-’
    baselineGUI : parameterControl : setParameters: no visible global
     function definition for ‘svalue<-’
    baselineGUI : parameterControl: no visible global function definition
     for ‘gbutton’
    baselineGUI : parameterControl: no visible global function definition
     for ‘gwindow’
    baselineGUI : parameterControl: no visible global function definition
     for ‘ggroup’
    baselineGUI : parameterControl: no visible global function definition
     for ‘addSpace’
    baselineGUI : parameterControl: no visible global function definition
     for ‘glayout’
    baselineGUI : parameterControl: no visible global function definition
     for ‘glabel’
    baselineGUI : parameterControl: no visible global function definition
     for ‘visible<-’
    baselineGUI : parameterControl: no visible global function definition
     for ‘addSpring’
    baselineGUI : parameterControl: no visible global function definition
     for ‘add’
    baselineGUI : parameterControl: no visible global function definition
     for ‘addhandlerdestroy’
    baselineGUI : createMethodSliders: no visible global function
     definition for ‘ggroup’
    baselineGUI : createMethodSliders: no visible global function
     definition for ‘gslider’
    baselineGUI : createMethodSliders : <anonymous>: no visible global
     function definition for ‘svalue’
    baselineGUI : createMethodSliders: no visible global function
     definition for ‘gbutton’
    baselineGUI : createMethodSliders : <anonymous>: no visible global
     function definition for ‘svalue<-’
    baselineGUI : createMethodSliders: no visible global function
     definition for ‘gframe’
    baselineGUI : createMethodSliders: no visible global function
     definition for ‘add’
    baselineGUI: no visible global function definition for ‘gslider’
    baselineGUI : <anonymous>: no visible global function definition for
     ‘svalue’
    baselineGUI: no visible global function definition for ‘gdroplist’
    baselineGUI : <anonymous>: no visible global function definition for
     ‘delete’
    baselineGUI: no visible global function definition for ‘gwindow’
    baselineGUI: no visible global function definition for ‘ggroup’
    baselineGUI: no visible global function definition for ‘gframe’
    baselineGUI: no visible global function definition for ‘add’
    baselineGUI: no visible global function definition for ‘addSpring’
    baselineGUI: no visible global function definition for ‘gbutton’
    optimWizard: no visible global function definition for ‘gwindow’
    optimWizard: no visible global function definition for ‘ggroup’
    optimWizard: no visible global function definition for ‘add’
    optimWizard : addAlg: no visible global function definition for
     ‘ggroup’
    optimWizard : addAlg: no visible global function definition for
     ‘addSpace’
    optimWizard : addAlg: no visible global function definition for ‘add’
    optimWizard : addAlg: no visible global function definition for
     ‘glabel’
    optimWizard : addAlg : addParameterGroup: no visible global function
     definition for ‘gdroplist’
    optimWizard : addAlg : addParameterGroup: no visible global function
     definition for ‘tag<-’
    optimWizard : addAlg : addParameterGroup: no visible global function
     definition for ‘gedit’
    optimWizard : addAlg : addParameterGroup: no visible global function
     definition for ‘addhandlerchanged’
    optimWizard : addAlg : addParameterGroup : <anonymous>: no visible
     global function definition for ‘svalue’
    optimWizard : addAlg : addParameterGroup : <anonymous>: no visible
     global function definition for ‘svalue<-’
    optimWizard : addAlg : addParameterGroup : <anonymous>: no visible
     global function definition for ‘tag’
    optimWizard : addAlg : addParameterGroup : <anonymous>: no visible
     global function definition for ‘gmessage’
    optimWizard : addAlg : addParameterGroup: no visible global function
     definition for ‘glabel’
    optimWizard : addAlg : addParameterGroup: no visible global function
     definition for ‘size<-’
    optimWizard : addAlg: no visible global function definition for
     ‘glayout’
    optimWizard : addAlg: no visible global function definition for
     ‘gbutton’
    optimWizard : addAlg : <anonymous>: no visible global function
     definition for ‘svalue<-’
    optimWizard : addAlg : <anonymous>: no visible global function
     definition for ‘gmessage’
    optimWizard : addAlg: no visible global function definition for ‘tag<-’
    optimWizard : addAlg: no visible global function definition for
     ‘addhandlerclicked’
    optimWizard : addAlg : <anonymous>: no visible global function
     definition for ‘tag’
    optimWizard : addAlg : <anonymous>: no visible global function
     definition for ‘dispose’
    optimWizard : addAlg: no visible global function definition for
     ‘visible<-’
    optimWizard: no visible global function definition for ‘gdroplist’
    optimWizard : <anonymous>: no visible global function definition for
     ‘svalue’
    optimWizard : <anonymous>: no visible global function definition for
     ‘svalue<-’
    optimWizard : <anonymous>: no visible global function definition for
     ‘delete’
    optimWizard : <anonymous>: no visible global function definition for
     ‘ggroup’
    optimWizard : <anonymous>: no visible global function definition for
     ‘gdroplist’
    optimWizard : <anonymous> : <anonymous>: no visible global function
     definition for ‘svalue’
    optimWizard : <anonymous> : <anonymous>: no visible global function
     definition for ‘svalue<-’
    optimWizard : <anonymous> : <anonymous>: no visible global function
     definition for ‘enabled<-’
    optimWizard : <anonymous>: no visible global function definition for
     ‘gedit’
    optimWizard : <anonymous>: no visible global function definition for
     ‘add’
    optimWizard : <anonymous>: no visible global function definition for
     ‘glabel’
    optimWizard : <anonymous>: no visible global function definition for
     ‘enabled<-’
    optimWizard : <anonymous>: no visible global function definition for
     ‘size<-’
    optimWizard : <anonymous>: no visible global function definition for
     ‘addhandlerchanged’
    optimWizard : <anonymous> : <anonymous>: no visible global function
     definition for ‘gmessage’
    optimWizard: no visible global function definition for ‘gnotebook’
    optimWizard: no visible global function definition for ‘gframe’
    optimWizard: no visible global function definition for ‘gcheckbox’
    optimWizard: no visible global function definition for ‘gbutton’
    optimWizard : <anonymous>: no visible global function definition for
     ‘gmessage’
    optimWizard: no visible global function definition for ‘enabled<-’
    optimWizard: no visible global function definition for ‘addSpace’
    optimWizard: no visible global function definition for ‘glabel’
    plotOptim: no visible global function definition for ‘gwindow’
    plotOptim: no visible global function definition for ‘ggroup’
    plotOptim: no visible global function definition for ‘add’
    plotOptim : addAlg: no visible global function definition for ‘delete’
    plotOptim : addAlg: no visible global function definition for
     ‘addSpace’
    plotOptim : addAlg: no visible global function definition for ‘add’
    plotOptim : addAlg: no visible global function definition for ‘glabel’
    plotOptim : addAlg: no visible global function definition for ‘ggroup’
    plotOptim : addAlg : addparameterPlots: no visible global function
     definition for ‘gradio’
    plotOptim : addAlg : addparameterPlots: no visible global function
     definition for ‘gcheckbox’
    plotOptim : addAlg : addparameterPlots: no visible global function
     definition for ‘enabled<-’
    plotOptim : addAlg : addparameterPlots: no visible global function
     definition for ‘tag<-’
    plotOptim : addAlg : addparameterPlots: no visible global function
     definition for ‘gcheckboxgroup’
    plotOptim : addAlg : addparameterPlots: no visible global function
     definition for ‘addhandlerchanged’
    plotOptim : addAlg : addparameterPlots : <anonymous>: no visible global
     function definition for ‘tag’
    plotOptim : addAlg : addparameterPlots : <anonymous>: no visible global
     function definition for ‘svalue’
    plotOptim : addAlg : addparameterPlots : <anonymous>: no visible global
     function definition for ‘svalue<-’
    plotOptim : addAlg : addparameterPlots : <anonymous>: no visible global
     function definition for ‘enabled<-’
    plotOptim : addAlg : addparameterPlots: no visible global function
     definition for ‘svalue<-’
    plotOptim : addAlg : addparameterPlots: no visible global function
     definition for ‘glabel’
    plotOptim : addAlg: no visible global function definition for ‘glayout’
    plotOptim : addAlg: no visible global function definition for ‘gbutton’
    plotOptim : addAlg: no visible global function definition for ‘tag<-’
    plotOptim : addAlg: no visible global function definition for
     ‘addhandlerchanged’
    plotOptim : addAlg : <anonymous>: no visible global function definition
     for ‘tag’
    plotOptim : addAlg : <anonymous>: no visible global function definition
     for ‘svalue’
    plotOptim : addAlg : <anonymous>: no visible global function definition
     for ‘levelplot’
    plotOptim : addAlg: no visible global function definition for
     ‘gcheckbox’
    plotOptim : addAlg: no visible global function definition for
     ‘enabled<-’
    plotOptim : addAlg: no visible global function definition for
     ‘visible<-’
    plotOptim : checkPlot: no visible global function definition for ‘tag’
    plotOptim : checkPlot: no visible global function definition for
     ‘svalue’
    plotOptim : checkPlot: no visible global function definition for
     ‘enabled<-’
    plotOptim: no visible global function definition for ‘gnotebook’
    plotOptim: no visible global function definition for ‘glabel’
    plotOptim: no visible global function definition for ‘gbutton’
    plotOptim : <anonymous>: no visible global function definition for
     ‘svalue’
    plotOptim: no visible global function definition for ‘gradio’
    plotOptim: no visible global function definition for ‘gcheckboxgroup’
    plotOptim: no visible global function definition for ‘enabled<-’
    plotOptim: no visible global function definition for
     ‘addhandlerchanged’
    plotOptim : <anonymous>: no visible global function definition for
     ‘enabled<-’
    plotOptim : <anonymous>: no visible global function definition for
     ‘svalue<-’
    plotOptim: no visible global function definition for ‘addSpace’
Flavors: r-devel-linux-x86_64-debian-clang, r-devel-linux-x86_64-debian-gcc, r-devel-linux-x86_64-fedora-clang, r-devel-linux-x86_64-fedora-gcc, r-devel-osx-x86_64-clang, r-devel-windows-ix86+x86_64, r-patched-linux-x86_64, r-patched-solaris-sparc, r-patched-solaris-x86