CRAN Package Check Results for Package aws.ses

Last updated on 2018-12-17 03:48:48 CET.

Flavor Version Tinstall Tcheck Ttotal Status Flags
r-devel-linux-x86_64-debian-clang 0.1.4 1.03 3.16 4.19 ERROR
r-devel-linux-x86_64-debian-gcc 0.1.4 0.99 2.38 3.37 ERROR
r-devel-linux-x86_64-fedora-clang 0.1.4 23.81 OK
r-devel-linux-x86_64-fedora-gcc 0.1.4 22.22 OK
r-devel-windows-ix86+x86_64 0.1.4 64.00 380.00 444.00 OK
r-patched-linux-x86_64 0.1.4 1.25 18.79 20.04 OK
r-patched-solaris-x86 0.1.4 36.90 OK
r-release-linux-x86_64 0.1.4 1.28 19.34 20.62 OK
r-release-windows-ix86+x86_64 0.1.4 63.00 379.00 442.00 OK
r-release-osx-x86_64 0.1.4 OK
r-oldrel-windows-ix86+x86_64 0.1.4 65.00 383.00 448.00 OK
r-oldrel-osx-x86_64 0.1.4 OK

Check Details

Version: 0.1.4
Check: whether the package can be loaded
Result: ERROR
    Loading this package had a fatal error status code 1
    Loading log:
    Error: package or namespace load failed for ‘aws.ses’ in dyn.load(file, DLLpath = DLLpath, ...):
     unable to load shared object ‘/home/hornik/tmp/R.check/r-devel-clang/Work/build/Packages/base64enc/libs/base64enc.so’:
     /home/hornik/tmp/R.check/r-devel-clang/Work/build/Packages/base64enc/libs/base64enc.so: failed to map segment from shared object
    Execution halted
Flavor: r-devel-linux-x86_64-debian-clang

Version: 0.1.4
Check: whether the package can be loaded
Result: ERROR
    Loading this package had a fatal error status code 1
    Loading log:
    Error: package or namespace load failed for ‘aws.ses’ in dyn.load(file, DLLpath = DLLpath, ...):
     unable to load shared object ‘/home/hornik/tmp/R.check/r-devel-gcc/Work/build/Packages/base64enc/libs/base64enc.so’:
     /home/hornik/tmp/R.check/r-devel-gcc/Work/build/Packages/base64enc/libs/base64enc.so: failed to map segment from shared object
    Execution halted
Flavor: r-devel-linux-x86_64-debian-gcc